{"id":951,"date":"2019-07-03T15:13:52","date_gmt":"2019-07-03T13:13:52","guid":{"rendered":"https:\/\/evangelische-religion.de\/ReligionNeu\/?page_id=951"},"modified":"2019-07-03T15:13:52","modified_gmt":"2019-07-03T13:13:52","slug":"links-zu-den-heiligen-schriften","status":"publish","type":"page","link":"https:\/\/evangelische-religion.de\/ReligionNeu\/religion-en\/links-zu-den-heiligen-schriften\/","title":{"rendered":"Links zu den Heiligen Schriften"},"content":{"rendered":"\n<p><strong>Die Links m\u00fcssen \u00fcberarbeitet werden!<\/strong><\/p>\n\n\n\n<p>Diese Texte der Heiligen Schriften der V\u00f6lker sind zum Teil schwer zu verstehen, weil wir nicht in deren Interpretationstradition stehen.<\/p>\n\n\n\n<p>Fragen:<\/p>\n\n\n\n<p>Was ist das f\u00fcr eine Schrift? Wann ist sie entstanden? Wem wird sie zugeschrieben? Welche Bedeutung hat die Schrift f\u00fcr die Frommen?<\/p>\n\n\n\n<p>kurz den Eindruck formulieren, den der Text hinterlassen hat,<\/p>\n\n\n\n<p>den ein oder anderen Gedankengang darlegen und<\/p>\n\n\n\n<p>einen Hauptgedanken herausgreifen.<\/p>\n\n\n\n<p>Islam<\/p>\n\n\n\n<p>Koran im Internet in \u00dcbersetzung:&nbsp; http:\/\/www.enfal.de\/deukuran.htm<\/p>\n\n\n\n<p>Sure 1: http:\/\/www.enfal.de\/deukuran\/001.html<\/p>\n\n\n\n<p>Sure 3,134-136: http:\/\/www.enfal.de\/deukuran\/003.html<\/p>\n\n\n\n<p>Sure 4,136: http:\/\/www.enfal.de\/deukuran\/004.html<\/p>\n\n\n\n<p>Sure 10,100: http:\/\/www.enfal.de\/deukuran\/010.html<\/p>\n\n\n\n<p>Sure 25,64f.: http:\/\/www.enfal.de\/deukuran\/025.html<\/p>\n\n\n\n<p>Sure 29: http:\/\/www.enfal.de\/deukuran\/029.html<\/p>\n\n\n\n<p>Sure 33,35(36): http:\/\/www.enfal.de\/deukuran\/033.html<\/p>\n\n\n\n<p>Sure 49,12-14: http:\/\/www.enfal.de\/deukuran\/049.html<\/p>\n\n\n\n<p>Sure 50: http:\/\/www.enfal.de\/deukuran\/050.html<\/p>\n\n\n\n<p>Sunnitische Ahadith: http:\/\/www.alhamdulillah.net\/modules.php?name=Hadith-Bukhari (= Teil\u00fcbersetzung = Auswahl angenehmer Stellen; englische \u00dcbersetzung: http:\/\/www.usc.edu\/schools\/college\/crcc\/engagement\/resources\/texts\/muslim\/hadith\/bukhari\/<\/p>\n\n\n\n<p>Waschung: http:\/\/www.alhamdulillah.net\/modules.php?op=modload&amp;name=Hadith-Bukhari&amp;file=index&amp;action=viewcat&amp;cat=5 ausf\u00fchrlich: http:\/\/www.koransuren.de\/hadith\/die_rituelle_waschung.html<\/p>\n\n\n\n<p>Blutschuld: http:\/\/www.alhamdulillah.net\/modules.php?op=modload&amp;name=Hadith-Bukhari&amp;file=index&amp;action=viewcat&amp;cat=80<\/p>\n\n\n\n<p><a href=\"http:\/\/www.koransuren.de\/hadith\/die_blutschuld.html\">http:\/\/www.koransuren.de\/hadith\/die_blutschuld.html<\/a><\/p>\n\n\n\n<p>Buddhismus<\/p>\n\n\n\n<p>Pali-Kanon: Inhaltsverzeichnis: http:\/\/www.palikanon.com\/digha\/d.htm<\/p>\n\n\n\n<p>Thema: Verhalten: http:\/\/www.palikanon.com\/digha\/d01_2.htm<\/p>\n\n\n\n<p>Thema: Praxis: http:\/\/www.palikanon.com\/digha\/d31.htm<\/p>\n\n\n\n<p>Hinduismus<\/p>\n\n\n\n<p>Bhagavad Gita: http:\/\/gita.de.ki\/<\/p>\n\n\n\n<p>Gesang 1: http:\/\/12koerbe.de\/hanumans\/gita-1.htm<\/p>\n\n\n\n<p>Gesang 2: http:\/\/12koerbe.de\/hanumans\/gita-2.htm<\/p>\n\n\n\n<p>Gesang 15: http:\/\/12koerbe.de\/hanumans\/gita-15.htm<\/p>\n\n\n\n<p>Gesang 18: http:\/\/12koerbe.de\/hanumans\/gita-18.htm<\/p>\n\n\n\n<p>Rigveda: http:\/\/www.sanskritweb.net\/rigveda\/rigveda.pdf<\/p>\n\n\n\n<p>1. Liederkreis: http:\/\/www.thombar.de\/1_lk.htm<\/p>\n\n\n\n<p>Sikh<\/p>\n\n\n\n<p><a href=\"http:\/\/www.sikhi.de\/\">http:\/\/www.sikhi.de\/<\/a><\/p>\n\n\n\n<p>Konfuzius \/ Daoismus<\/p>\n\n\n\n<p>Texte des Konfuzius: http:\/\/www.konfuzius.net\/<\/p>\n\n\n\n<p>Das I Ging, das mit Konfuzius und dem Daoismus verbunden wird: http:\/\/www.schuledesrades.org\/public\/iging\/buch\/?Q=5<\/p>\n","protected":false},"excerpt":{"rendered":"<p>Die Links m\u00fcssen \u00fcberarbeitet werden! Diese Texte der Heiligen Schriften der V\u00f6lker sind zum Teil schwer zu verstehen, weil wir nicht in deren Interpretationstradition stehen. Fragen: Was ist das f\u00fcr eine Schrift? Wann ist sie entstanden? Wem wird sie zugeschrieben? Welche Bedeutung hat die Schrift f\u00fcr die Frommen? kurz den [&hellip;]<\/p>\n","protected":false},"author":1,"featured_media":0,"parent":72,"menu_order":0,"comment_status":"closed","ping_status":"closed","template":"","meta":{"footnotes":""},"class_list":["post-951","page","type-page","status-publish","hentry"],"_links":{"self":[{"href":"https:\/\/evangelische-religion.de\/ReligionNeu\/wp-json\/wp\/v2\/pages\/951","targetHints":{"allow":["GET"]}}],"collection":[{"href":"https:\/\/evangelische-religion.de\/ReligionNeu\/wp-json\/wp\/v2\/pages"}],"about":[{"href":"https:\/\/evangelische-religion.de\/ReligionNeu\/wp-json\/wp\/v2\/types\/page"}],"author":[{"embeddable":true,"href":"https:\/\/evangelische-religion.de\/ReligionNeu\/wp-json\/wp\/v2\/users\/1"}],"replies":[{"embeddable":true,"href":"https:\/\/evangelische-religion.de\/ReligionNeu\/wp-json\/wp\/v2\/comments?post=951"}],"version-history":[{"count":1,"href":"https:\/\/evangelische-religion.de\/ReligionNeu\/wp-json\/wp\/v2\/pages\/951\/revisions"}],"predecessor-version":[{"id":952,"href":"https:\/\/evangelische-religion.de\/ReligionNeu\/wp-json\/wp\/v2\/pages\/951\/revisions\/952"}],"up":[{"embeddable":true,"href":"https:\/\/evangelische-religion.de\/ReligionNeu\/wp-json\/wp\/v2\/pages\/72"}],"wp:attachment":[{"href":"https:\/\/evangelische-religion.de\/ReligionNeu\/wp-json\/wp\/v2\/media?parent=951"}],"curies":[{"name":"wp","href":"https:\/\/api.w.org\/{rel}","templated":true}]}}