{"id":579,"date":"2019-07-02T10:37:58","date_gmt":"2019-07-02T08:37:58","guid":{"rendered":"https:\/\/evangelische-religion.de\/ReligionNeu\/?page_id=579"},"modified":"2020-01-25T09:48:31","modified_gmt":"2020-01-25T08:48:31","slug":"diakonie-caritas","status":"publish","type":"page","link":"https:\/\/evangelische-religion.de\/ReligionNeu\/kirche\/diakonie-caritas\/","title":{"rendered":"Diakonie\/Caritas"},"content":{"rendered":"\n<p class=\"has-text-align-center has-medium-font-size\">GRUNDS\u00c4TZE UND GRUNDLAGE DER DIAKONIE\/CARITAS<\/p>\n\n\n\n<p style=\"color:#2f00a3\" class=\"has-text-color\"><strong>Grunds\u00e4tze der Diakonie:<\/strong><\/p>\n\n\n\n<ul class=\"wp-block-list\"><li>Hilfe, Unterst\u00fctzung, Betreuung, Begleitung Bed\u00fcrftiger.<\/li><li>Weitergabe des Evangeliums von Jesus Christus.<\/li><li>Der Glaube an Jesus Christus leitet das Handeln, ist Grundlage des Tuns.<\/li><\/ul>\n\n\n\n<p class=\"has-text-color has-accent-color\"><strong>Grunds\u00e4tze der Caritas \u2013 theologische Grunds\u00e4tze<\/strong><\/p>\n\n\n\n<ul class=\"wp-block-list\"><li>Der menschenfreundliche Gott \u2013 Quelle der Caritas.<\/li><li>Christus und seine Botschaft \u2013 Auftrag und Ermutigung der Caritas.<\/li><li>Der Heilige Geist \u2013 Lebenskraft der Caritas.<\/li><li>Die diakonische Kirche \u2013 Lebens- und Wirkraum der Caritas.<\/li><\/ul>\n\n\n\n<p>Die Caritas ist der gr\u00f6\u00dfte private Arbeitgeber im Land: 520.000 Mitarbeiter. Danach folgt die Diakonie mit 435.000 Mitarbeitern. Mehr Besch\u00e4ftigte hat nur der \u00d6ffentliche Dienst.<\/p>\n\n\n\n<p style=\"color:#7400a3\" class=\"has-text-color\"><strong>Grundlage der Diakonie: Jesus Christus<\/strong><\/p>\n\n\n\n<p>Anfang und Ausgangspunkt diakonischen Wirkens ist das Handeln Jesu, seine Liebe und Zuwendung zu den Menschen, die Hilfe ben\u00f6tigten. Dar\u00fcber hinaus sind seine Worte wegweisend:<\/p>\n\n\n\n<ul class=\"wp-block-list\"><li>Matth\u00e4usevangelium Kapitel 25,31-46:&nbsp;<em>Was ihr einem meiner geringsten Br\u00fcder getan habt, das habt ihr mir getan.<\/em><\/li><li>Lukasevangelium Kapitel 10,25-37: Das Gleichnis vom Barmherzigen Samariter \u2013 Christen helfen, ohne darauf zu achten, welchen Glaubens ein Mensch ist\u2026<\/li><li>Jesus scheute sich nicht, kranke Menschen zu ber\u00fchren und sie zu heilen: Matth\u00e4usevangelium 8: Die Heilung eines Leprakranken (es gibt bis heute viele christliche Leprahilfen) oder Markusevangelium 9,46-52: Heilung eines Blinden (heute zum Beispiel: Christoffel Blindenmission).<\/li><li>Jesus heilte eine Frau mit Blutungen: Markusevangelium 5,21-42 \u2013 eines der ersten Krankenh\u00e4user war ein Krankenhaus f\u00fcr Frauen.<\/li><li>Jesus wandte sich auch von Kindern nicht ab: Markusevangelium 10,13-16.<\/li><li>Zudem: Die Liebe gilt allen Menschen, \u00dcber Grenzen hinweg.<\/li><li>Dass S\u00fcnder umkehren konnten, f\u00fchrte dazu, dass man sagte: Liebe nicht die S\u00fcnde, liebe den S\u00fcnder. Man lernte zu trennen zwischen dem Menschen und seinem Tun, denn der b\u00f6se Mensch hat die M\u00f6glichkeit, sich wieder Gott zuzuwenden.<\/li><\/ul>\n\n\n\n<p>Aus den Hinweisen aus Matth\u00e4us 25 wurden die sieben leiblichen und die sieben geistlichen Werke der Barmherzigkeit entwickelt (in eigener Formulierung):<\/p>\n\n\n\n<p style=\"color:#1ca300\" class=\"has-text-color\"><strong>Die sieben leiblichen Werke der Barmherzigkeit:<\/strong><\/p>\n\n\n\n<ul class=\"wp-block-list\"><li>Hungernden Nahrung geben<\/li><li>Durstigen zu trinken geben<\/li><li>Unbekleideten Kleidung geben<\/li><li>Fremden Schutz geben<\/li><li>Gefangene begleiten<\/li><li>Kranke besuchen<\/li><li>Tote bestatten.<\/li><\/ul>\n\n\n\n<p style=\"color:#1ca300\" class=\"has-text-color\"><strong>Die sieben geistlichen Werke der Barmherzigkeit:<\/strong><\/p>\n\n\n\n<ul class=\"wp-block-list\"><li>S\u00fcndern zeigen, was sie falsch gemacht haben<\/li><li>Unwissende \u00fcber Gott und Welt belehren<\/li><li>Zweifelnden den Weg weisen<\/li><li>Traurige, Deprimierte und Trauernde tr\u00f6sten<\/li><li>Anstrengende, L\u00e4stige mit Geduld ertragen<\/li><li>Beleidigenden vergeben<\/li><li>F\u00fcr Tote und Lebende bei Gott eintreten.<\/li><\/ul>\n\n\n\n<p style=\"color:#a30000\" class=\"has-text-color\">Aufgabe: Male zu den geistlichen Werken einen symbolischen Gegenstand bzw. zu den sieben geistlichen Werken Strichm\u00e4nnchen mit Blick auf das jeweilige Thema.<\/p>\n\n\n\n<p style=\"color:#96a300\" class=\"has-text-color has-text-align-center\"><strong>Fazit:<\/strong><\/p>\n\n\n\n<p>Diakonie und Caritas haben erkannt: Der Mensch lebt nicht allein davon, dass er k\u00f6rperlich gesund ist und zu essen hat \u2013 genau so notwendig ist es, dass die Seele gesund ist. Um der Seele zu helfen, gesund zu werden, bedarf sie spiritueller Nahrung \u2013 also aus christlicher Sicht: den Glauben an Jesus Christus.<\/p>\n\n\n\n<p>Mit Apostelgeschichte 6,1-10 erkennen Christen: Der Mensch ist eine Einheit, er ben\u00f6tigt k\u00f6rperliche Hilfe und das Wort Gottes. Oder mit Matth\u00e4us 4,1-11 gesagt: Der Mensch lebt nicht vom Brot allein, sondern auch vom Wort Gottes.<\/p>\n\n\n\n<p style=\"color:#a35400\" class=\"has-text-color\">Literatur:\u00a0Friedrich-August von Metzsch: Menschen helfen Menschen. Der Barmherzige Samariter als Leitbild und in der Kunst. H\u00e4nssler-Verlag, Neuhausen-Stuttgart 1998<\/p>\n\n\n\n<p>DVD: Taten statt Spr\u00fcche. Pioniere der Diakonie, Matthias Film (Gustav Werner, Friedrich v. Bodelschwingh, Johann Hinrich Wichern, Eugen Gerstenmaier, Eva Thiele-Winckler, Theodor Fliedner)<\/p>\n\n\n\n<p>Was ist Diakonie?  <a href=\"https:\/\/www.youtube.com\/watch?v=_P6icT7GZRE\">https:\/\/www.youtube.com\/watch?v=_P6icT7GZRE<\/a>  und:  <a href=\"https:\/\/www.youtube.com\/watch?v=IsZKH6otmqE\">https:\/\/www.youtube.com\/watch?v=IsZKH6otmqE<\/a> <\/p>\n\n\n\n<p>100 Jahre Diakonie am Beispiel D\u00fcsseldorf:  <a href=\"https:\/\/www.youtube.com\/watch?v=vpxz1GubSL0\">https:\/\/www.youtube.com\/watch?v=vpxz1GubSL0<\/a> <\/p>\n\n\n\n<p>Caritas:  <a href=\"https:\/\/www.youtube.com\/watch?v=PcHPPKev6Fc\">https:\/\/www.youtube.com\/watch?v=PcHPPKev6Fc<\/a> <\/p>\n\n\n\n<p>Sophie &#8211; ein g\u00f6ttliches Geschenk:  <a href=\"https:\/\/www.youtube.com\/watch?v=6VsHz7H7Esw\">https:\/\/www.youtube.com\/watch?v=6VsHz7H7Esw<\/a> Sophie findet ihren Weg:  <a href=\"https:\/\/www.youtube.com\/watch?v=m-AjLTSzCf0\">https:\/\/www.youtube.com\/watch?v=m-AjLTSzCf0<\/a> <\/p>\n\n\n\n<p>Ubi Caritas (Audrey Assad):  <a href=\"https:\/\/www.youtube.com\/watch?v=Z_Pp0jKn1zQ\">https:\/\/www.youtube.com\/watch?v=Z_Pp0jKn1zQ<\/a> <\/p>\n\n\n\n<p>Ubi Caritas (Taize):   <a href=\"https:\/\/www.youtube.com\/watch?v=eF8AW6JzWpE\">https:\/\/www.youtube.com\/watch?v=eF8AW6JzWpE<\/a> <\/p>\n","protected":false},"excerpt":{"rendered":"<p>GRUNDS\u00c4TZE UND GRUNDLAGE DER DIAKONIE\/CARITAS Grunds\u00e4tze der Diakonie: Hilfe, Unterst\u00fctzung, Betreuung, Begleitung Bed\u00fcrftiger. Weitergabe des Evangeliums von Jesus Christus. Der Glaube an Jesus Christus leitet das Handeln, ist Grundlage des Tuns. Grunds\u00e4tze der Caritas \u2013 theologische Grunds\u00e4tze Der menschenfreundliche Gott \u2013 Quelle der Caritas. Christus und seine Botschaft \u2013 Auftrag [&hellip;]<\/p>\n","protected":false},"author":1,"featured_media":0,"parent":74,"menu_order":0,"comment_status":"closed","ping_status":"closed","template":"","meta":{"footnotes":""},"class_list":["post-579","page","type-page","status-publish","hentry"],"_links":{"self":[{"href":"https:\/\/evangelische-religion.de\/ReligionNeu\/wp-json\/wp\/v2\/pages\/579","targetHints":{"allow":["GET"]}}],"collection":[{"href":"https:\/\/evangelische-religion.de\/ReligionNeu\/wp-json\/wp\/v2\/pages"}],"about":[{"href":"https:\/\/evangelische-religion.de\/ReligionNeu\/wp-json\/wp\/v2\/types\/page"}],"author":[{"embeddable":true,"href":"https:\/\/evangelische-religion.de\/ReligionNeu\/wp-json\/wp\/v2\/users\/1"}],"replies":[{"embeddable":true,"href":"https:\/\/evangelische-religion.de\/ReligionNeu\/wp-json\/wp\/v2\/comments?post=579"}],"version-history":[{"count":3,"href":"https:\/\/evangelische-religion.de\/ReligionNeu\/wp-json\/wp\/v2\/pages\/579\/revisions"}],"predecessor-version":[{"id":2023,"href":"https:\/\/evangelische-religion.de\/ReligionNeu\/wp-json\/wp\/v2\/pages\/579\/revisions\/2023"}],"up":[{"embeddable":true,"href":"https:\/\/evangelische-religion.de\/ReligionNeu\/wp-json\/wp\/v2\/pages\/74"}],"wp:attachment":[{"href":"https:\/\/evangelische-religion.de\/ReligionNeu\/wp-json\/wp\/v2\/media?parent=579"}],"curies":[{"name":"wp","href":"https:\/\/api.w.org\/{rel}","templated":true}]}}