{"id":556,"date":"2019-07-02T10:27:33","date_gmt":"2019-07-02T08:27:33","guid":{"rendered":"https:\/\/evangelische-religion.de\/ReligionNeu\/?page_id=556"},"modified":"2019-07-29T08:06:34","modified_gmt":"2019-07-29T06:06:34","slug":"paulus","status":"publish","type":"page","link":"https:\/\/evangelische-religion.de\/ReligionNeu\/kirche\/paulus\/","title":{"rendered":"Paulus"},"content":{"rendered":"\n<p style=\"text-align:center\" class=\"has-medium-font-size\">Christentum Alte Zeit: Paulus<\/p>\n\n\n\n<p style=\"color:#a30003\" class=\"has-text-color\"><strong>1. Recherchiere<\/strong><\/p>\n\n\n\n<p>Wer war Paulus?<\/p>\n\n\n\n<p>Wann lebte er?<\/p>\n\n\n\n<p>Warum ist er f\u00fcr das Christentum so wichtig geworden?<\/p>\n\n\n\n<p style=\"color:#a30003\" class=\"has-text-color\"><strong>2. Male:<\/strong><\/p>\n\n\n\n<p>Male die folgenden S\u00e4tze, die die Lehre des Paulus wiedergeben, mit einer Farbe an, die Dir ganz spontan in den Sinn kommt. S\u00e4tze, die dir gefallen mit hellen Farben, S\u00e4tze, die du nicht verstehst mit einer \u201eFrage-Farbe\u201c, S\u00e4tze, die du nicht gut findest, mit einer dunklen Farbe.<\/p>\n\n\n\n<p>Suche aus den folgenden S\u00e4tzen einen Satz aus, versuche die Worte zu interpretieren und male mit ihm ein Bild.<\/p>\n\n\n\n<p>Besprich mit dem Sitznachbarn \/ der Sitznachbarin, warum Du aus diesem Satz das jeweilige Bild gemalt hast.<\/p>\n\n\n\n<p>Beispiel:\u00a0<em>Ist jemand in Jesus Christus, so ist er eine neue Kreatur<\/em>\u00a0\u2013 male mit diesem Satz zum Beispiel eine sch\u00f6ne, bunte Blume \u2013 Knospe?<\/p>\n\n\n\n<ol class=\"wp-block-list\"><li>Wir werden gerecht ohne Werke des Gesetzes, allein durch den Glauben. (R\u00f6merbrief 3,26)<\/li><li>Wir haben Frieden mit Gott durch Jesus Christus. (R\u00f6merbrief 5,1)<\/li><li>Die Liebe Gottes ist ausgegossen durch den Heiligen Geist in unsere Herzen.(R\u00f6mer 5,5)<\/li><li>Die Gabe Gottes ist ewiges Leben in Christus Jesus, unserm Herrn. (R\u00f6mer 6,23)<\/li><li>Das Gute, das ich will, das tue ich nicht; das B\u00f6se, das ich nicht tun will, das tue ich. Wer wird mich davor retten? Gott sei Dank: Jesus Christus. (R\u00f6mer 7,19.24f.)<\/li><li>Diejenigen, die der Geist Gottes treibt, die sind Gottes Kinder. (R\u00f6mer 8,14)<\/li><li>Wir wissen, dass denen, die Gott lieben, alle Dinge zum Besten dienen. (R\u00f6mer 8,28)<\/li><li>Ich bin gewiss, dass weder Tod noch Leben, weder Engel noch M\u00e4chte, weder Gegenw\u00e4rtiges noch Zuk\u00fcnftiges, weder Hohes noch Tiefes noch eine andere Kreatur uns scheiden kann von der Liebe Gottes, die in Jesus Christus ist, unserem Herrn. (R\u00f6mer 8,38f.)<\/li><li>Jesus Christus ist des Gesetzes Ende; wer an ihn glaubt, der ist gerecht. (R\u00f6mer 10,4)<\/li><li>Wenn man von Herzen glaubt, so wird man gerecht; und wenn man mit dem Mund bekennt, so wird man gerettet. (R\u00f6mer 10,10)<\/li><li>Von Gott und durch Gott und zu Gott hin sind alle Dinge. Ihm sei Ehre in Ewigkeit. (R\u00f6mer 11,36)<\/li><li>Seid fr\u00f6hlich in Hoffnung, geduldig in Tr\u00fcbsal, beharrlich im Gebet. (R\u00f6mer 12,12)<\/li><li>Freut euch mit den Fr\u00f6hlichen und weint mit den Weinenden. (R\u00f6mer 12,15)<\/li><li>Ist es m\u00f6glich, so viel an euch liegt, so habt mit allen Menschen Frieden. (R\u00f6mer 12,18)<\/li><li>Lass dich nicht vom B\u00f6sen \u00fcberwinden, sondern \u00fcberwinde das B\u00f6se mit Gutem. (R\u00f6mer 12,21)<\/li><li>Lasst uns ablegen die Werke der Finsternis und anlegen die Waffen des Lichts. (R\u00f6mer 13,12)<\/li><li>Ob wir leben oder sterben \u2013 wir geh\u00f6ren dem Herrn. (R\u00f6mer 14,8)<\/li><li>Das Reich Gottes ist nicht Essen und Trinken, sondern Gerechtigkeit und Friede und Freude in dem heiligen Geist. (R\u00f6mer 14,17)<\/li><li>Nehmt einander an, wie Christus euch angenommen hat zu Gottes Lob. (R\u00f6mer 15,7)<\/li><\/ol>\n\n\n\n<p style=\"color:#a30003\" class=\"has-text-color\"><strong>3. \u00dcberlege<\/strong><\/p>\n\n\n\n<p>Wenn Du \u00fcber diese S\u00e4tze nachdenkst: Was meinst Du, worin besteht die Lehre des Paulus?<\/p>\n\n\n\n<p style=\"color:#a30003\" class=\"has-text-color\"><strong>4. Recherchiere<\/strong><\/p>\n\n\n\n<p>In der Luther-\u00dcbersetzung findest Du in den Paulus-Briefen fett gedruckte S\u00e4tze. Nimm Dir die Briefe vor: Was lehrte Paulus?<\/p>\n","protected":false},"excerpt":{"rendered":"<p>Christentum Alte Zeit: Paulus 1. Recherchiere Wer war Paulus? Wann lebte er? Warum ist er f\u00fcr das Christentum so wichtig geworden? 2. Male: Male die folgenden S\u00e4tze, die die Lehre des Paulus wiedergeben, mit einer Farbe an, die Dir ganz spontan in den Sinn kommt. S\u00e4tze, die dir gefallen mit [&hellip;]<\/p>\n","protected":false},"author":1,"featured_media":0,"parent":74,"menu_order":0,"comment_status":"closed","ping_status":"closed","template":"","meta":{"footnotes":""},"class_list":["post-556","page","type-page","status-publish","hentry"],"_links":{"self":[{"href":"https:\/\/evangelische-religion.de\/ReligionNeu\/wp-json\/wp\/v2\/pages\/556","targetHints":{"allow":["GET"]}}],"collection":[{"href":"https:\/\/evangelische-religion.de\/ReligionNeu\/wp-json\/wp\/v2\/pages"}],"about":[{"href":"https:\/\/evangelische-religion.de\/ReligionNeu\/wp-json\/wp\/v2\/types\/page"}],"author":[{"embeddable":true,"href":"https:\/\/evangelische-religion.de\/ReligionNeu\/wp-json\/wp\/v2\/users\/1"}],"replies":[{"embeddable":true,"href":"https:\/\/evangelische-religion.de\/ReligionNeu\/wp-json\/wp\/v2\/comments?post=556"}],"version-history":[{"count":2,"href":"https:\/\/evangelische-religion.de\/ReligionNeu\/wp-json\/wp\/v2\/pages\/556\/revisions"}],"predecessor-version":[{"id":1236,"href":"https:\/\/evangelische-religion.de\/ReligionNeu\/wp-json\/wp\/v2\/pages\/556\/revisions\/1236"}],"up":[{"embeddable":true,"href":"https:\/\/evangelische-religion.de\/ReligionNeu\/wp-json\/wp\/v2\/pages\/74"}],"wp:attachment":[{"href":"https:\/\/evangelische-religion.de\/ReligionNeu\/wp-json\/wp\/v2\/media?parent=556"}],"curies":[{"name":"wp","href":"https:\/\/api.w.org\/{rel}","templated":true}]}}