{"id":487,"date":"2019-07-01T20:50:29","date_gmt":"2019-07-01T18:50:29","guid":{"rendered":"https:\/\/evangelische-religion.de\/ReligionNeu\/?page_id=487"},"modified":"2019-07-12T18:33:54","modified_gmt":"2019-07-12T16:33:54","slug":"judentum-feste","status":"publish","type":"page","link":"https:\/\/evangelische-religion.de\/ReligionNeu\/religion-en\/judentum-feste\/","title":{"rendered":"Judentum: Feste"},"content":{"rendered":"\n<p style=\"text-align:center\" class=\"has-medium-font-size\">FESTE DES JUDENTUMS<\/p>\n\n\n\n<p>\u2013 und da wir Christen viel vom Judentum \u00fcbernommen haben (das Judentum ist unsere Mutterreligion), wird die christliche Parallele angezeigt.<\/p>\n\n\n\n<p>Auf dieser Seite konnten nur die wichtigsten Informationen gegeben werden. Unter dem folgenden Link findet man sehr viel mehr \u2013 und sp\u00fcrt auch, welche gro\u00dfe Bedeutung die Feste f\u00fcr das Leben haben:&nbsp;<a href=\"http:\/\/www.de.chabad.org\/holidays\/default_cdo\/jewish\/Jewish-Holidays.htm\">http:\/\/www.de.chabad.org\/holidays\/default_cdo\/jewish\/Jewish-Holidays.htm<\/a><\/p>\n\n\n\n<p style=\"text-align:center\" class=\"has-text-color has-accent-color\">Im Zusammenhang der Festzeiten sind folgende Hinweise wichtig:<\/p>\n\n\n\n<p>Die j\u00fcdische Zeitrechnung beginnt 3760\/3761 vor Christus \u2013 weil Gott laut traditionellem Glauben in dieser Zeit die Welt erschaffen hat. (Historisch gesehen ist das ein sehr interessanter Zeitabschnitt, weil hier Hochkulturen und damit auch die schriftlichen Aufzeichnungen begannen.)<\/p>\n\n\n\n<p>Juden haben Teile des Mond- und Sonnenjahres verbunden. Wie wir alle vier Jahre ein Schaltjahr mit einem Tag Ver\u00e4nderung haben, so haben Juden alle f\u00fcnf bis sieben Jahre einen Monat hinzugef\u00fcgt.<\/p>\n\n\n\n<p>Der Tag beginnt im Judentum um 18:00 Uhr des Vortages \u2013 also mit Einbruch der Nacht. Bei uns beginnt der Tag auch nicht am Morgen um 6:00 Uhr, sondern in der Nacht um 24:00\/0:00 Uhr (Mitternacht). Und so beginnt zum Beispiel auch der Sabbat am Freitag um 18:00 Uhr und geht bis Samstag 18:00 Uhr. Samstag 19:00 Uhr w\u00e4re dann schon unser Sonntag.<\/p>\n\n\n\n<p style=\"color:#a30003;text-align:center\" class=\"has-text-color\">Die Tabelle wird \u00fcberarbeitet werden!<\/p>\n\n\n\n<figure class=\"wp-block-image\"><img decoding=\"async\" src=\"https:\/\/evangelische-religion.de\/images\/j%c3%bcdische%20feste.jpg?crc=3975442272\" alt=\"\"\/><\/figure>\n","protected":false},"excerpt":{"rendered":"<p>FESTE DES JUDENTUMS \u2013 und da wir Christen viel vom Judentum \u00fcbernommen haben (das Judentum ist unsere Mutterreligion), wird die christliche Parallele angezeigt. Auf dieser Seite konnten nur die wichtigsten Informationen gegeben werden. Unter dem folgenden Link findet man sehr viel mehr \u2013 und sp\u00fcrt auch, welche gro\u00dfe Bedeutung die [&hellip;]<\/p>\n","protected":false},"author":1,"featured_media":0,"parent":72,"menu_order":0,"comment_status":"closed","ping_status":"closed","template":"","meta":{"footnotes":""},"class_list":["post-487","page","type-page","status-publish","hentry"],"_links":{"self":[{"href":"https:\/\/evangelische-religion.de\/ReligionNeu\/wp-json\/wp\/v2\/pages\/487","targetHints":{"allow":["GET"]}}],"collection":[{"href":"https:\/\/evangelische-religion.de\/ReligionNeu\/wp-json\/wp\/v2\/pages"}],"about":[{"href":"https:\/\/evangelische-religion.de\/ReligionNeu\/wp-json\/wp\/v2\/types\/page"}],"author":[{"embeddable":true,"href":"https:\/\/evangelische-religion.de\/ReligionNeu\/wp-json\/wp\/v2\/users\/1"}],"replies":[{"embeddable":true,"href":"https:\/\/evangelische-religion.de\/ReligionNeu\/wp-json\/wp\/v2\/comments?post=487"}],"version-history":[{"count":3,"href":"https:\/\/evangelische-religion.de\/ReligionNeu\/wp-json\/wp\/v2\/pages\/487\/revisions"}],"predecessor-version":[{"id":1185,"href":"https:\/\/evangelische-religion.de\/ReligionNeu\/wp-json\/wp\/v2\/pages\/487\/revisions\/1185"}],"up":[{"embeddable":true,"href":"https:\/\/evangelische-religion.de\/ReligionNeu\/wp-json\/wp\/v2\/pages\/72"}],"wp:attachment":[{"href":"https:\/\/evangelische-religion.de\/ReligionNeu\/wp-json\/wp\/v2\/media?parent=487"}],"curies":[{"name":"wp","href":"https:\/\/api.w.org\/{rel}","templated":true}]}}

<p style="text-align:center" class="has-medium-font-size">FESTE DES JUDENTUMS</p>



<p>– und da wir Christen viel vom Judentum übernommen haben (das Judentum ist unsere Mutterreligion), wird die christliche Parallele angezeigt.</p>



<p>Auf dieser Seite konnten nur die wichtigsten Informationen gegeben werden. Unter dem folgenden Link findet man sehr viel mehr – und spürt auch, welche große Bedeutung die Feste für das Leben haben:&nbsp;<a href="http://www.de.chabad.org/holidays/default_cdo/jewish/Jewish-Holidays.htm">http://www.de.chabad.org/holidays/default_cdo/jewish/Jewish-Holidays.htm</a></p>



<p style="text-align:center" class="has-text-color has-accent-color">Im Zusammenhang der Festzeiten sind folgende Hinweise wichtig:</p>



<p>Die jüdische Zeitrechnung beginnt 3760/3761 vor Christus – weil Gott laut traditionellem Glauben in dieser Zeit die Welt erschaffen hat. (Historisch gesehen ist das ein sehr interessanter Zeitabschnitt, weil hier Hochkulturen und damit auch die schriftlichen Aufzeichnungen begannen.)</p>



<p>Juden haben Teile des Mond- und Sonnenjahres verbunden. Wie wir alle vier Jahre ein Schaltjahr mit einem Tag Veränderung haben, so haben Juden alle fünf bis sieben Jahre einen Monat hinzugefügt.</p>



<p>Der Tag beginnt im Judentum um 18:00 Uhr des Vortages – also mit Einbruch der Nacht. Bei uns beginnt der Tag auch nicht am Morgen um 6:00 Uhr, sondern in der Nacht um 24:00/0:00 Uhr (Mitternacht). Und so beginnt zum Beispiel auch der Sabbat am Freitag um 18:00 Uhr und geht bis Samstag 18:00 Uhr. Samstag 19:00 Uhr wäre dann schon unser Sonntag.</p>



<p style="color:#a30003;text-align:center" class="has-text-color">Die Tabelle wird überarbeitet werden!</p>



<figure class="wp-block-image"><img decoding="async" src="https://evangelische-religion.de/images/j%c3%bcdische%20feste.jpg?crc=3975442272" alt=""/></figure>

<p>FESTE DES JUDENTUMS – und da wir Christen viel vom Judentum übernommen haben (das Judentum ist unsere Mutterreligion), wird die christliche Parallele angezeigt. Auf dieser Seite konnten nur die wichtigsten Informationen gegeben werden. Unter dem folgenden Link findet man sehr viel mehr – und spürt auch, welche große Bedeutung die [&hellip;]</p>
