{"id":472,"date":"2019-07-01T20:39:53","date_gmt":"2019-07-01T18:39:53","guid":{"rendered":"https:\/\/evangelische-religion.de\/ReligionNeu\/?page_id=472"},"modified":"2021-03-18T10:51:05","modified_gmt":"2021-03-18T09:51:05","slug":"symbole","status":"publish","type":"page","link":"https:\/\/evangelische-religion.de\/ReligionNeu\/religion-en\/symbole\/","title":{"rendered":"Symbole"},"content":{"rendered":"\n<p>Neuere Version s. <a href=\"https:\/\/mini.evangelische-religion.de\/sprache-des-glaubens-1-zeichen-und-symbole\/\">https:\/\/mini.evangelische-religion.de\/sprache-des-glaubens-1-zeichen-und-symbole\/<\/a> <\/p>\n\n\n\n<p class=\"has-text-align-center has-medium-font-size\">SYMBOLE AUS RELIGIONSWISSENSCHAFTLICHER SICHT<\/p>\n\n\n\n<p class=\"has-text-align-center has-white-color has-text-color has-background\" style=\"background-color:#8c00a3\"><strong>1. Zeichen<\/strong><\/p>\n\n\n\n<p>Zeichen sind keine Symbole. Die bekanntesten Zeichen sind die Verkehrsschilder. An vielen von ihnen kann man erkennen, worum es geht. Wesentlich ist aber: Man hat sich auf sie geeinigt. Sie zeigen etwas, weisen auf etwas hin. Sie geh\u00f6ren zum Beispiel mit Gesten zu den menschlichen Kommunikationsmitteln.<\/p>\n\n\n\n<p>Aus religionswissenschaftlicher Sicht h\u00e4ngen \u201e<strong>Zeichen und Wunder<\/strong>\u201c zusammen: Die G\u00f6tter bzw. Gott geben durch Zeichen zu erkennen, was sie dem Menschen sagen wollen. (indogermanisch: zeihhan = Wunder.)<\/p>\n\n\n\n<p class=\"has-text-align-center has-white-color has-text-color has-background\" style=\"background-color:#3a977b\"><strong>2. Symbole<\/strong><\/p>\n\n\n\n<p>Von den Zeichen sind in religionswissenschaftlicher Sicht Symbole zu unterscheiden. Das Wort Symbol kommt von Zusammenwerfen: Ein Zeichen \/ Symboltr\u00e4ger wird mit einer Bedeutung zusammengeworfen. Das bekannteste Zeichen in der christlichen Religion ist das Kreuz. Es besteht aus einem Symboltr\u00e4ger (aus Holz, Metall, Plastik) dem eine Bedeutung zugewiesen wird.<\/p>\n\n\n\n<p class=\"has-text-align-center has-text-color\" style=\"color:#3a977b\"><strong>Kennzeichen von Symbolen:<\/strong><\/p>\n\n\n\n<ul class=\"wp-block-list\"><li>Symbole sind h\u00e4ufig <em>Folge historischer Ereignisse<\/em>. So ist das Kreuz in der Kreuzigung Jesu verankert. Es konzentriert zudem das Leben und Wirken Jesu auf dieses Zeichen des Kreuzes. Das hei\u00dft: Das Kreuz (aus welchem Material auch immer) ist als solches Tr\u00e4ger der Botschaft vom Tod Jesu f\u00fcr die Menschen und von der Auferstehung Jesu von den Toten. <\/li><li>Anders als Zeichen wurde das Symbol nicht durch einen Menschen direkt eingesetzt, sondern es ist <em>in einer Gemeinschaft gewachsen<\/em>.<\/li><li>Das Symbol <em>repr\u00e4sentiert eine Macht<\/em> \u2013 und vermag auch aus diesem Grund selbst Kr\u00e4fte entwickeln. So repr\u00e4sentiert das Kreuz die Wirksamkeit des Heilshandelns Christi und ist selbst wirkm\u00e4chtig. Aus der Tradition ist bekannt, dass das Kreuz als solches Menschen sch\u00fctzen soll, B\u00f6ses bannen kann.<\/li><li>Das Symbol bewirkt das, weil es nicht nur die g\u00f6ttliche, transzendente Macht repr\u00e4sentiert, sondern diese <em>Macht ist in ihm selbst anwesend<\/em>. Das hei\u00dft, dass Gott selbst in dem Kreuz anwesend ist. Noch deutlicher wird das mit Blick auf das Abendmahl. Es herrscht eine intensive Diskussion \u00fcber Wein und Brot: Ist der Wein das Blut Christi? Ist das Brot der Leib Christi? Wieweit ist der Symboltr\u00e4ger Christustr\u00e4ger? Die Aussage: Es symbolisiert nur Blut und Leib \u2013 ist also aus der Perspektive dessen, was Symbol ist, \u00e4u\u00dferst ambivalent.<\/li><li>Zu dem Symbol geh\u00f6rt auch, dass <em>Menschen sich mit diesem identifizieren<\/em>. Das Symbol ist Teil von mir, meinem Glauben, meiner Weltanschauung, meines Lebens \u2013 und ich bin Teil der Macht, die in dem Symbol anwesend ist. Das wird deutlicher durch das Kreuzzeichen, das Christen (nicht nur katholische) machen: Ber\u00fchren der Stirn, des Bauches und der beiden Schultern mit zwei Fingern \u2013 dazu die Worte: Vaters und Sohn und Heiliger Geist.<\/li><li>Die Symbole sind \u2013 so hei\u00dft es \u2013 <em>\u201eSprache des Glaubens\u201c<\/em>. Sie konzentrieren alles, was dem jeweiligen Menschen wichtig ist.<\/li><li>Symbole sind nicht nur Sprache des Glaubens, sondern das, was den Menschen in ihrem Glauben wichtig ist, wird nicht nur abstrakt erlebbar, erdacht &#8211; <em>das Geglaubte wird greifbar<\/em>. Gott bzw. die G\u00f6tter selbst sind in diesem materiellen Gegenstand anwesend, somit sichtbar, sp\u00fcrbar, riechbar, manchmal schmeckbar, manchmal h\u00f6rbar.<\/li><\/ul>\n\n\n\n<p>Vor allem in der Psychologie, die von C.G. Jung ausgeht, wird die Bedeutung der Symbole dadurch erkl\u00e4rt, dass sie im Menschen schon unbewusst bzw. vorbewusst vorhanden sind. Und wenn man diesen begegnet, dann wird das Unbewusste von ihnen ergriffen und f\u00fcr das eigene Leben bedeutsam.<\/p>\n\n\n\n<p>Nicht nur das Christentum hat Symbole, sondern zum Beispiel auch der Islam. Das zentrale Symbol ist der Koran. Symboltr\u00e4ger ist ein Buch aus ein paar Seiten mit beschriftetem Papier. Der Koran repr\u00e4sentiert Allah, Allah selbst ist in dem Koran in seinem Wort gewisser Weise anwesend, und Menschen identifizieren sich so sehr mit ihm, dass, wenn einer auf die Idee kommt, ihn ungeb\u00fchrlich zu behandeln, sie massivst gegen den Menschen vorgehen. Ebenso ist aus hinduistischem Bereich bekannt, dass Menschen ermordet wurden, weil sie einer Heiligen Kuh \u00dcbles angetan haben bzw. beschuldigt wurden, ihr \u00dcbles angetan zu haben. Der Symboltr\u00e4ger ist die Kuh als biologisches Wesen. Anwesend mit der Kuh sind eine Vielzahl von Gottheiten und Geistern.<\/p>\n\n\n\n<p class=\"has-text-align-center has-text-color\" style=\"color:#3a977b\"><strong>3. Verschiedene Aspekte zum Thema Symbol<\/strong><\/p>\n\n\n\n<p>Es wird manchmal im Fernsehen gezeigt, dass in irgendeinem islamischen Land eine amerikanische bzw. eine israelische Flagge verbrannt wird. Es wird gezeigt, wie Menschen in China oder in islamischen Staaten Kreuze zerbrechen, vernichten, von den Kirchen schlagen. Da das Kreuz im oben genannten Sinn ein Symbol ist, wird erkennbar, dass Menschen, die Gegner der Gruppe sind, die Zerst\u00f6rung des Kreuzes dazu benutzen, den Menschen ihre Verachtung zu signalisieren: Wir sind m\u00e4chtiger als euer Symbol. Wie euer Symbol zerst\u00f6rt wird, so werdet ihr zerst\u00f6rt werden. Was bedeutet das nun f\u00fcr Flaggen? Flaggen wurden wie Zeichen von Menschen konzipiert \u2013 unterscheiden sich also in dieser Hinsicht vom Symbol. Aber: Sie sind auch keine g\u00f6ttlichen Symbole \u2013 und somit trifft aber alles andere auf sie zu: Statt Gott\/Gottheiten ist nun die Gemeinschaft des Volkes einzusetzen, seine Werte, seine Traditionen und Hoffnungen. Wenn die amerikanische\/israelische Flagge zerst\u00f6rt wird, dann bedeutet es wie f\u00fcr die Zerst\u00f6rung des Kreuzes: Wir sind m\u00e4chtiger als euer Symbol. Wie euer Symbol zerst\u00f6rt wird, so werdet ihr zerst\u00f6rt werden.<\/p>\n\n\n\n<p>Manche Gruppen \u00fcbernehmen die Symbole anderer Gruppen, um von ihrer Bedeutung zu profitieren, weil sie in Menschen das ber\u00fchren, was seit uralter Zeit in ihnen wirksam ist. Das wird zum Beispiel deutlich in der \u00dcbernahme der Isis mit dem Horuskind auf der Mondsichel. Christen haben das \u00e4gyptische Symbol \u00fcbernommen, das die Herrschaft der G\u00f6ttin als Himmelsg\u00f6ttin zeigt, und haben dieses Symbol auf Maria mit dem Jesuskind \u00fcbertragen. Negativ wird am Nationalsozialismus deutlich, dass er das uralte Sonnenrad verwendet hat, um die eigene Ideologie aufzuwerten \u2013 und damit haben sie das Sonnenrad zumindest in unserer Kultur massivst entwertet.<\/p>\n\n\n\n<p>Manche Gruppen \u00fcbernehmen das Symbol aber auch, um es abzuwerten. So verwenden Satanisten das Kreuz, stellen es nur auf den Kopf. Das hei\u00dft: Wir \u00fcbernehmen euer Symbol, aber wir dr\u00fccken unsere Verachtung daf\u00fcr aus, dass wir es ins Gegenteil verkehren.<\/p>\n\n\n\n<p>Ein Zwischending zwischen Symbol und Zeichen sind die Zeichen, die als Nomina sacra (sing.: Nomen sacrum \u2013 heiliger Name) \/ Akronyme bekannt sind: zum Beispiel das Chi\/Rho: XP (Chr-istus), IHS (Jes-us). Zur kunstvollen Gestaltung s. auch:&nbsp;<a href=\"https:\/\/de.wikipedia.org\/wiki\/Nomina_sacra\">https:\/\/de.wikipedia.org\/wiki\/Nomina_sacra<\/a>&nbsp;oder:&nbsp;<a href=\"https:\/\/de.wikipedia.org\/wiki\/Christusmonogramm\">https:\/\/de.wikipedia.org\/wiki\/Christusmonogramm<\/a><\/p>\n\n\n\n<p>Oben wurde die Geste des Kreuzzeichens (<a href=\"https:\/\/de.wikipedia.org\/wiki\/Kreuzzeichen\">https:\/\/de.wikipedia.org\/wiki\/Kreuzzeichen<\/a>&nbsp;) genannt. Die Geste als solche ist also Symboltr\u00e4ger. Nicht nur Gegenst\u00e4nde k\u00f6nnen Symboltr\u00e4ger sein, auch Gesten. So zum Beispiel die Geste des Segnens. Diese sind heute eher bekannt, die Gesten des Fluchens sind weitgehend verloren gegangen bzw. wurden durch Beschimpfungsgesten ersetzt. Aber Gesten spielen in diesem Zwischenbereich zwischen Zeichen und Symbol nicht nur in der christlichen Religion eine Rolle, sondern auch in der asiatischen. Die Mudras, die Handstellungen sprechen aus, was sie sind: So sind zum Beispiel ineinander verschr\u00e4nkte H\u00e4nde mit aneinandergelegten Zeigefingern, die nach oben weisen, die Geste f\u00fcr die H\u00f6chste Erleuchtung (uttarabodhimura).<\/p>\n\n\n\n<p>Ein Video zum Thema:  <a href=\"https:\/\/www.youtube.com\/watch?v=6SMskQivj0A\">https:\/\/www.youtube.com\/watch?v=6SMskQivj0A<\/a> <\/p>\n\n\n\n<p class=\"has-text-align-center has-white-color has-accent-background-color has-text-color has-background\"><strong>Friedens-Symbole\/-Zeichen<\/strong><\/p>\n\n\n\n<p>(Bilder sind in dem Wikipedia-Artikel: Friedenszeichen zu sehen  <a href=\"https:\/\/de.wikipedia.org\/wiki\/Friedenszeichen\">https:\/\/de.wikipedia.org\/wiki\/Friedenszeichen<\/a> ).<\/p>\n\n\n\n<p class=\"has-text-align-center has-accent-color has-text-color\"><em>Schwerter zu Pflugscharen<\/em><\/p>\n\n\n\n<p>Die Sowjetunion schenkte der UNO 1959 eine Skulptur, die zeigt, dass ein Mann ein Schwert zum Pflug schl\u00e4gt. Sie greift das <strong>Wort des Propheten Micha<\/strong> auf, in dem er sagt, dass Schwerter zu Pfl\u00fcgen umgeschmiedet werden. <\/p>\n\n\n\n<p class=\"has-text-align-center has-accent-color has-text-color\"><em>Taube<\/em><\/p>\n\n\n\n<p>Taube in verschiedenen Formen:<\/p>\n\n\n\n<ol class=\"wp-block-list\"><li>Die Friedenstaube mit Olivenzweig, die der <strong>Noah-Geschichte<\/strong> entnommen wurde. Sie kommt im alten christlichen Kontext vor (z.B. in der Domitilla Katakombe) und wurde von Picasso aufgenommen.<\/li><li>Die Taube ist auch <strong>Symbol f\u00fcr den Heiligen Geist<\/strong>. Jesus sah den Geist Gottes wie eine Taube vom Himmel herabkommen. Die wei\u00dfe Taube aus dem blauen Himmel.<\/li><\/ol>\n\n\n\n<ul class=\"wp-block-list\"><li>Noahs\nTaube wie die Taube, mit der der Heilige Geist verbunden wird, zeigen Gottes\nFrieden an, den er den Menschen schenkt.&nbsp;<\/li><li>Die\nTaube ist, wie Mt 10,16 zeigt, f\u00fcr Jesus ein Zeichen der Reinheit und Friedfertigkeit\n(&#8222;ohne Hinterlist&#8220;). Als Friedenstaube wurde sie aufgegriffen: Wei\u00dfe\nTaube auf blauem Grund.<\/li><\/ul>\n\n\n\n<p class=\"has-text-align-center has-accent-color has-text-color\"><em>Regenbogen<\/em><\/p>\n\n\n\n<p>Gott schlie\u00dft mit den Menschen einen Friedensbund \u2013 auch das ist aus der <strong>Noah-Geschichte<\/strong> angeregt worden. Aufgenommen wurde der Regenbogen jedoch mit umgekehrter Farben-Reihenfolge und ist als PACE-Regenbogenfahne bekannt.<\/p>\n\n\n\n<p class=\"has-text-align-center has-accent-color has-text-color\"><em>CND<\/em><\/p>\n\n\n\n<p>Das CND-Symbol das unterschiedlich interpretiert wird, soll einmal das N und D aus dem Winkeralphabet sein, und hei\u00dft auf Deutsch \u00fcbersetzt: Nukleare Abr\u00fcstung; zum anderen kann es einen Mann angesichts der Atombedrohung mit hilflos herabh\u00e4ngenden Armen symbolisieren. Dieses Zeichen ist allerdings schon uralt und hat eher mit negativen Assoziationen (Verfolgung von Christen) zu tun. <\/p>\n\n\n\n<p class=\"has-text-align-center has-accent-color has-text-color\"><em>Victory<\/em><\/p>\n\n\n\n<p>Das Victory-Zeichen ist ein Y, das durch zwei nach oben ge\u00f6ffnete Finger (Zeige- und Mittelfinger) gebildet wird. Es wird vielfach auch als Friedenszeichen interpretiert. Der <strong>Friedensgru\u00df Jesu<\/strong> besteht in der Ikonographie in den beiden zusammengelegten Fingern.<\/p>\n\n\n\n<p class=\"has-text-align-center has-accent-color has-text-color\"><em>Kranich<\/em><\/p>\n\n\n\n<p>Aus Japan kommt der Origami-Kranich als Symbol gegen nukleare\nWaffen, weitergef\u00fchrt auch als Friedenssymbol.<\/p>\n\n\n\n<p class=\"has-text-align-center has-accent-color has-text-color\"><em>Kreuz<\/em><\/p>\n\n\n\n<p>Auch das Kreuz ist ein Zeichen des Friedens, wenn auch mit diesem Zeichen viel Schindluder getrieben und es missbraucht wurde. Am Kreuz selbst schlie\u00dft Gott in Jesus Christus mit uns Menschen seinen Frieden, indem er Schuld vergibt, neue Wege ins Leben weist.<\/p>\n\n\n\n<p class=\"has-text-align-center\">*<\/p>\n\n\n\n<p>Anmerkung: Symbole geh\u00f6ren mit dem Mythos <a href=\"https:\/\/evangelische-religion.de\/ReligionNeu\/mensch\/mythos\/\">https:\/\/evangelische-religion.de\/ReligionNeu\/mensch\/mythos\/<\/a> zur Sprache des Glaubens <a href=\"https:\/\/evangelische-religion.de\/ReligionNeu\/gott\/\">https:\/\/evangelische-religion.de\/ReligionNeu\/gott\/<\/a><\/p>\n\n\n\n<p><\/p>\n","protected":false},"excerpt":{"rendered":"<p>Neuere Version s. https:\/\/mini.evangelische-religion.de\/sprache-des-glaubens-1-zeichen-und-symbole\/ SYMBOLE AUS RELIGIONSWISSENSCHAFTLICHER SICHT 1. Zeichen Zeichen sind keine Symbole. Die bekanntesten Zeichen sind die Verkehrsschilder. An vielen von ihnen kann man erkennen, worum es geht. Wesentlich ist aber: Man hat sich auf sie geeinigt. Sie zeigen etwas, weisen auf etwas hin. Sie geh\u00f6ren zum Beispiel [&hellip;]<\/p>\n","protected":false},"author":1,"featured_media":0,"parent":72,"menu_order":0,"comment_status":"closed","ping_status":"closed","template":"","meta":{"footnotes":""},"class_list":["post-472","page","type-page","status-publish","hentry"],"_links":{"self":[{"href":"https:\/\/evangelische-religion.de\/ReligionNeu\/wp-json\/wp\/v2\/pages\/472","targetHints":{"allow":["GET"]}}],"collection":[{"href":"https:\/\/evangelische-religion.de\/ReligionNeu\/wp-json\/wp\/v2\/pages"}],"about":[{"href":"https:\/\/evangelische-religion.de\/ReligionNeu\/wp-json\/wp\/v2\/types\/page"}],"author":[{"embeddable":true,"href":"https:\/\/evangelische-religion.de\/ReligionNeu\/wp-json\/wp\/v2\/users\/1"}],"replies":[{"embeddable":true,"href":"https:\/\/evangelische-religion.de\/ReligionNeu\/wp-json\/wp\/v2\/comments?post=472"}],"version-history":[{"count":7,"href":"https:\/\/evangelische-religion.de\/ReligionNeu\/wp-json\/wp\/v2\/pages\/472\/revisions"}],"predecessor-version":[{"id":2557,"href":"https:\/\/evangelische-religion.de\/ReligionNeu\/wp-json\/wp\/v2\/pages\/472\/revisions\/2557"}],"up":[{"embeddable":true,"href":"https:\/\/evangelische-religion.de\/ReligionNeu\/wp-json\/wp\/v2\/pages\/72"}],"wp:attachment":[{"href":"https:\/\/evangelische-religion.de\/ReligionNeu\/wp-json\/wp\/v2\/media?parent=472"}],"curies":[{"name":"wp","href":"https:\/\/api.w.org\/{rel}","templated":true}]}}