{"id":460,"date":"2019-07-01T20:33:32","date_gmt":"2019-07-01T18:33:32","guid":{"rendered":"https:\/\/evangelische-religion.de\/ReligionNeu\/?page_id=460"},"modified":"2019-07-11T10:43:44","modified_gmt":"2019-07-11T08:43:44","slug":"religion-im-alltag","status":"publish","type":"page","link":"https:\/\/evangelische-religion.de\/ReligionNeu\/religion-en\/religion-im-alltag\/","title":{"rendered":"Religion im Alltag"},"content":{"rendered":"\n<p style=\"text-align:center\" class=\"has-medium-font-size\">RELIGION IM ALLTAG<\/p>\n\n\n\n<p style=\"color:#a3000a\" class=\"has-text-color\">Eingangsfrage: Wo begegnet uns Religion im Alltag?<\/p>\n\n\n\n<ul class=\"wp-block-list\"><li>Religion begegnet uns in unserer Tradition, weil sie unsere Kultur gepr\u00e4gt hat, in vielf\u00e4ltiger, manchmal kaum mehr wahrgenommener Form: Geb\u00e4ude, Stra\u00dfennamen, Namen von Christen, Tischgebet, Kunst, Zeitungen, B\u00fccher, Glockenl\u00e4uten, Museen, Kleidung, Werbung, Fernseh- und Radiosendungen, Internet, sehr h\u00e4ufig in PC-Spielen, Beerdigungen, Schauk\u00e4sten, Seelsorge in Krankenh\u00e4usern, Gef\u00e4ngnissen, Bundeswehr, Konzerte (Bach, Mozart), Wissenschaft (<em>Lazarus<\/em>-Effekt, <em>Jesus<\/em>-Echse, <em>Gottes<\/em>-Teilchen)\u2026<\/li><li>Religion wird reflektiert: traditionelle wie moderne Religionen.<\/li><li>Religion begegnet uns in Form von Menschen, die uns mit ihrer Religion konfrontieren.<\/li><li>Religi\u00f6se Weltdeutung begegnet uns nicht allein in der traditionellen Form: Glaube an Gott, sondern auch in der Form: Glaube an Macht und M\u00e4chte in allen m\u00f6glichen Erscheinungsformen (Esoterik: Sterne, Steine, kosmische Energien usw.), in der Neugr\u00fcndung vermeintlicher alter Kulte (Germanen-, Kelten-, Hexenkulte), in Religionen die in unserer Kultur bisher nicht so sehr in Erscheinung getreten sind \u2013 usw.<\/li><li>Der Nihilismus (es gibt keinen Gott \u2013 noch sonst eine Macht, der Mensch ist dem Nichts unterworfen) ruft selbst die Sehnsucht im Menschen nach Gemeinschaft, nach Lebenssinn hervor. Und das wird von den politischen Religionen aufgefangen. Die F\u00fchrer sind nicht unbedingt religi\u00f6s, sie lehnen zumindest traditionelle Religion ab. Greifen aber religi\u00f6se Formen auf, um Menschen totalit\u00e4r zu binden, zu unterwerfen.<\/li><li>Gegnerschaft gegen Religion in atheistischen Weltanschauungen. In unserer Gesellschaft ringen unterschiedlichste Weltanschauungen und Religionen miteinander. Denn mit diesen sind auch unterschiedliche ethische Lebens- und Gesellschaftsentw\u00fcrfe verbunden \u2013 wie auch soziale Verbindlichkeiten bzw. Unverbindlichkeiten. Indem Atheisten gegen Religion angehen, bringen auch sie Religion in den Alltag.<\/li><\/ul>\n\n\n\n<p style=\"text-align:center\"><strong>Zahlen und pers\u00f6nliche Beobachtungen:<\/strong><\/p>\n\n\n\n<p>An jedem Sonntag gehen 3,4% der ca. 22 Millionen Evangelischen in die Kirche (2017\/2011) und 10,4% der ca. 23,5 Millionen Katholischen (2017\/2011) (Katholiken + Protestanten = ca. 55% der Bev\u00f6lkerung\u00a0<a href=\"http:\/\/de.wikipedia.org\/wiki\/Religionen_in_Deutschland\">http:\/\/de.wikipedia.org\/wiki\/Religionen_in_Deutschland<\/a>\u00a0). (35% unseres Landes sind Konfessionslos und ca. 5,5% Muslime \u2013 wobei Konfessionslose nach meinen Erfahrungen nicht unbedingt der Kirche fern stehen, sie d\u00fcrfen also nicht automatisch den Atheisten bzw. den Agnostikern zugerechnet werden. Als freier Trauerredner habe ich erfahren, dass ca. 60% \u2013 70% der Angeh\u00f6rigen religi\u00f6se Bez\u00fcge haben wollten. Freilich, ich wei\u00df: Angesichts des Todes wird mancher wieder fromm \u2013 und das ist gut so, weil man dann wieder beginnt, \u00fcber Wesentliches nachzudenken. Au\u00dferdem wei\u00df ich: In den Bundesl\u00e4ndern des Ostens haben die kommunistischen Nachwehen noch ihre Auswirkungen und dort wird es vermutlich anders aussehen.) Und dar\u00fcber hinaus gehen zahlreiche Glaubende in Gottesdienste der Freikirchen, der orthodoxen Kirchen usw. Und die vielen Kinder, die in die Kindergottesdienste gehen, fallen statistisch unter den Tisch. Sonnt\u00e4glich! Das hei\u00dft noch nicht, dass nicht noch mehr Menschen unseres Landes mit Gottesdiensten in Ber\u00fchrung kommen: Denn daneben gibt es noch Glaubende, die nicht regelm\u00e4\u00dfig in Gottesdienste gehen oder nur das eine oder andere Mal im Jahr. Vor allem auch: 900.000 schauen regelm\u00e4\u00dfig die Fernsehgottesdienste (2004;\u00a0<a href=\"http:\/\/de.wikipedia.org\/wiki\/Gottesdienst_im_ZDF\">http:\/\/de.wikipedia.org\/wiki\/Gottesdienst_im_ZDF<\/a>\u00a0) 2 Millionen schauen das \u201eWort zum Sonntag\u201c\u00a0<a href=\"https:\/\/rundfunk.evangelisch.de\/kirche-im-tv\/wort-zum-sonntag\">https:\/\/rundfunk.evangelisch.de\/kirche-im-tv\/wort-zum-sonntag<\/a>\u00a0 Dar\u00fcber hinaus: es nehmen normalerweise mehr Menschen am Gemeindeleben Teil als an den Gottesdiensten. Daf\u00fcr liegen mir keine Zahlen vor. An katholischen und evangelischen Bildungsangeboten nahmen \u00fcber 2 Millionen Menschen teil.<\/p>\n\n\n\n<p style=\"text-align:center\"><strong>Die Pfarrerin, der Pfarrer<\/strong><\/p>\n\n\n\n<p>Pfarrerin und Pfarrer geh\u00f6ren zur Religion im Alltag. Sie werden vielfach nicht wahrgenommen \u2013 bzw. nur dann wahrgenommen, wenn Menschen sie ben\u00f6tigen. Was machen sie?<\/p>\n\n\n\n<ul class=\"wp-block-list\"><li>Gottesdienste (Abendmahls-, Krabbel-, Kinder-, Familien-\u2026, gottesdienste)<\/li><li>Kasualgottesdienste (Taufe und Hochzeit mit vorangegangenen Gespr\u00e4chen)<\/li><li>Beerdigungen (ebenfalls mit vorangegangenen Gespr\u00e4chen)<\/li><li>Schulunterricht<\/li><li>Konfirmandenunterricht + Konfi-Eltern<\/li><li>Geburtstagsbesuche<\/li><li>Krankenhausbesuche<\/li><li>Seelsorge (wenn Menschen das Bed\u00fcrfnis haben, mit jemandem zu reden, wenn sie Hilfe ben\u00f6tigen \u2013 welcher Art auch immer)<\/li><li>Gruppenbetreuung (je nach Gemeinde: Frauen-, M\u00e4nner-, Senioren-, Jugend-, Singgruppen)<\/li><li>\u00d6ffentlichkeitsarbeit: Gemeindebrief und andere mediale \u00d6ffentlichkeit; Anwesenheit bei Veranstaltungen der Kommunalgemeinde<\/li><li>\u2026<\/li><\/ul>\n\n\n\n<p>Dann gibt es noch Sonderbereiche, in denen Pfarrerinnen und Pfarrer arbeiten:<\/p>\n\n\n\n<ul class=\"wp-block-list\"><li>Alten-, Krankenhaus-, Hospiz-, Jugend-, Notfall-, Telefon-, Behinderten-, Gef\u00e4ngnis-, Schulseelsorge\u2026<\/li><li>Dar\u00fcber hinaus in der Kirchenverwaltung:<\/li><li>Finanzen, Bau, Recht<\/li><li>\u2026<\/li><\/ul>\n\n\n\n<p>Wie daran sichtbar wird: Pfarrerinnen und Pfarrer haben es sehr viel mit Menschen zu tun, werden von vielen Menschen auch wahrgenommen. Haupts\u00e4chlich allerdings von Menschen, die in der jeweiligen Kirchengemeinde aktiv sind oder aber auch von anderen Christen und Nichtchristen, die in bestimmten Bereichen des menschlichen Lebens mit ihnen in Kontakt kommen (Hochzeiten, Beerdigungen, Medien\u2026).<\/p>\n","protected":false},"excerpt":{"rendered":"<p>RELIGION IM ALLTAG Eingangsfrage: Wo begegnet uns Religion im Alltag? Religion begegnet uns in unserer Tradition, weil sie unsere Kultur gepr\u00e4gt hat, in vielf\u00e4ltiger, manchmal kaum mehr wahrgenommener Form: Geb\u00e4ude, Stra\u00dfennamen, Namen von Christen, Tischgebet, Kunst, Zeitungen, B\u00fccher, Glockenl\u00e4uten, Museen, Kleidung, Werbung, Fernseh- und Radiosendungen, Internet, sehr h\u00e4ufig in PC-Spielen, [&hellip;]<\/p>\n","protected":false},"author":1,"featured_media":0,"parent":72,"menu_order":0,"comment_status":"closed","ping_status":"closed","template":"","meta":{"footnotes":""},"class_list":["post-460","page","type-page","status-publish","hentry"],"_links":{"self":[{"href":"https:\/\/evangelische-religion.de\/ReligionNeu\/wp-json\/wp\/v2\/pages\/460","targetHints":{"allow":["GET"]}}],"collection":[{"href":"https:\/\/evangelische-religion.de\/ReligionNeu\/wp-json\/wp\/v2\/pages"}],"about":[{"href":"https:\/\/evangelische-religion.de\/ReligionNeu\/wp-json\/wp\/v2\/types\/page"}],"author":[{"embeddable":true,"href":"https:\/\/evangelische-religion.de\/ReligionNeu\/wp-json\/wp\/v2\/users\/1"}],"replies":[{"embeddable":true,"href":"https:\/\/evangelische-religion.de\/ReligionNeu\/wp-json\/wp\/v2\/comments?post=460"}],"version-history":[{"count":2,"href":"https:\/\/evangelische-religion.de\/ReligionNeu\/wp-json\/wp\/v2\/pages\/460\/revisions"}],"predecessor-version":[{"id":1159,"href":"https:\/\/evangelische-religion.de\/ReligionNeu\/wp-json\/wp\/v2\/pages\/460\/revisions\/1159"}],"up":[{"embeddable":true,"href":"https:\/\/evangelische-religion.de\/ReligionNeu\/wp-json\/wp\/v2\/pages\/72"}],"wp:attachment":[{"href":"https:\/\/evangelische-religion.de\/ReligionNeu\/wp-json\/wp\/v2\/media?parent=460"}],"curies":[{"name":"wp","href":"https:\/\/api.w.org\/{rel}","templated":true}]}}