{"id":411,"date":"2019-07-01T16:00:12","date_gmt":"2019-07-01T14:00:12","guid":{"rendered":"https:\/\/evangelische-religion.de\/ReligionNeu\/?page_id=411"},"modified":"2025-09-01T07:53:36","modified_gmt":"2025-09-01T05:53:36","slug":"scham-und-schuldkultur","status":"publish","type":"page","link":"https:\/\/evangelische-religion.de\/ReligionNeu\/verhalten-ethik\/scham-und-schuldkultur\/","title":{"rendered":"Scham- und Schuldkultur"},"content":{"rendered":"\n<p class=\"has-text-align-center has-text-color has-medium-font-size\" style=\"color:#a30003\">DISKUTIERE: SCHAMKULTUR UND SCHULDKULTUR<\/p>\n\n\n\n<p>Die Unterscheidung zwischen Schamkultur und Schuldkultur ist zwar umstritten, aber dennoch hat sie etwas, das so manches erkl\u00e4rt. Der Nahe Osten bis hin nach China\/Japan vertritt die Schamkultur: Menschen sch\u00e4men sich, wenn ihr Tun von der Gesellschaft nicht gedeckt wird und entdeckt wird. Die christliche &#8211; vor allem neutestamentlich-protestantische Schuldkultur &#8211; betont das Gewissen, betont die Verantwortlichkeit des Menschen und dass er selbst seine Schuld entdeckt, wenn er etwas getan hat, das Gottes Willen nicht entspricht.<\/p>\n\n\n\n<p>Aus j\u00fcdisch-christlicher Perspektive m\u00fcssen wir von Schuld sprechen.&nbsp; Menschen sind schuldig geworden, weil sie sich an anderen gegen Gottes Willen vergangen haben. Jeder erkennt seine eigene Schuld. Wenn aus \u00f6stlicher Perspektive von schlimmen Vergehen der Menschen gesprochen wird, dann tritt die Scham in den Vordergrund: Die Gesellschaft akzeptiert eine Handlung nicht, diejenigen, die sich vergangen haben, sollen sich sch\u00e4men und die Konsequenzen ziehen. Das innere Gericht (Schuldkultur) \u2013 das \u00e4u\u00dfere gesellschaftliche Missbilligen (Schamkultur). In der Schuldkultur tut man etwas nicht, weil man sich innerlich zur Rechenschaft zieht \u2013 in der Schamkultur tut man etwas nicht, weil man Angst hat, es k\u00f6nnte von den anderen entdeckt werden, oder man tut etwas, weil man davon ausgeht, dass man nicht entdeckt wird. Bei der Schuldkultur w\u00fcrde man das nicht tun, weil der innere bzw. g\u00f6ttliche Richter immer anwesend ist. In der Schuldkultur ist man Knecht seines Gewissens\/Gottes \u2013 in der Schamkultur ist man Knecht der Gesellschaft\/Gemeinschaft. In der Schuldkultur kann man gegen das Schuldigwerden der Gesellschaft angehen \u2013 in der Schamkultur nicht, weil man die als Richterin anerkannte Gesellschaft nicht kritisiert.<\/p>\n\n\n\n<p>Wenn man sich \u00fcber das, was Menschen einander antun k\u00f6nnen, f\u00fcr die Menschen sch\u00e4mt, sch\u00e4mt man sich \u00fcber das Tun anderer \u2013 bei der Schuld merkt man, dass schlimmes Tun auch in uns selbst steckt, wenn wir denn uns nicht nach Gottes liebenden Willen f\u00fcr alle Menschen ausrichten.<\/p>\n\n\n\n<p>Wie eingangs gesagt: Eine strikte Trennung ist umstritten \u2013 aber ich denke, diese Erkenntnis hat etwas Erhellendes, das vor allem auch mit Blick auf die Auseinandersetzung des Islam und der chinesischen Regierung mit dem Christentum. Schuldkultur ist mit der Bedeutung des Individuums verbunden \u2013 Schamkultur wird sauer, wenn das Individuum seinen eigenen Kopf beh\u00e4lt und gar sagt: Die Gesellschaft, das Kollektiv, die Ummah, die Gemeinde tut Unrecht.<\/p>\n\n\n\n<p>Auch der Psychiater Sigmund Freud unterschied zwischen zwei Arten von Schuld: Die erste reagiert auf \u00e4u\u00dfere Autorit\u00e4t, die zweite auf die innere, das Gewissen (Das Unbehagen in der Kultur).<\/p>\n\n\n\n<p>*<\/p>\n\n\n\n<p>Es sieht so aus, als habe sich die Schuldkultur in Europa erst im Mittelalter herausgebildet, als im 13. Jahrhundert die Beichte in der Kirche wichtig wurde. Denn durch die Beichte erkannte jeder Mensch: Nicht das, was von Au\u00dfen kommt ist b\u00f6se, sondern in mir selbst steckt das B\u00f6se. Das ist zwar schon 1200 Jahre vorher von Jesus so ausgesprochen worden, wurde aber erst sehr sp\u00e4t allgemein bewusst. Und dieser Ansatz wurde dann Grundlage der Schuldkultur in Mitteleuropa.<\/p>\n\n\n\n<p>In der Neuzeit wurde diese Selbsterkundung durch die Pietisten wieder weit verbreitet: Der Mensch muss sein Tun kontrollieren, muss es mit den Vorgaben der Bibel abstimmen, damit er ein Gott gem\u00e4\u00dfes Leben f\u00fchren kann. W\u00e4hrend die Beichte von Priestern abgenommen wurde, findet die Selbsterkundung der Pietisten allein zwischen dem Glaubenden und Gott statt. Ich verhalte mich nicht gut, weil ich einem Priester beichten muss, sondern weil ich vor Gott selbst stehe.<\/p>\n\n\n\n<p>Auch das Erkennen eigener Schuld muss gelernt werden.<\/p>\n\n\n\n<p>Was geschieht mit einer Gesellschaft, in der der christliche Ansatz immer st\u00e4rker verschwindet? Wird dann die Schamkultur wieder zum Vorschein kommen? Oder eine ganz andere Form des Umgangs mit Schuld?<\/p>\n\n\n\n<p>Nachtrag (2025): <a href=\"https:\/\/www.tagesschau.de\/wissen\/psychologie-emotionen-verhalten-100.html\">https:\/\/www.tagesschau.de\/wissen\/psychologie-emotionen-verhalten-100.html<\/a><\/p>\n\n\n\n<p><\/p>\n","protected":false},"excerpt":{"rendered":"<p>DISKUTIERE: SCHAMKULTUR UND SCHULDKULTUR Die Unterscheidung zwischen Schamkultur und Schuldkultur ist zwar umstritten, aber dennoch hat sie etwas, das so manches erkl\u00e4rt. Der Nahe Osten bis hin nach China\/Japan vertritt die Schamkultur: Menschen sch\u00e4men sich, wenn ihr Tun von der Gesellschaft nicht gedeckt wird und entdeckt wird. Die christliche &#8211; [&hellip;]<\/p>\n","protected":false},"author":1,"featured_media":0,"parent":89,"menu_order":0,"comment_status":"closed","ping_status":"closed","template":"","meta":{"footnotes":""},"class_list":["post-411","page","type-page","status-publish","hentry"],"_links":{"self":[{"href":"https:\/\/evangelische-religion.de\/ReligionNeu\/wp-json\/wp\/v2\/pages\/411","targetHints":{"allow":["GET"]}}],"collection":[{"href":"https:\/\/evangelische-religion.de\/ReligionNeu\/wp-json\/wp\/v2\/pages"}],"about":[{"href":"https:\/\/evangelische-religion.de\/ReligionNeu\/wp-json\/wp\/v2\/types\/page"}],"author":[{"embeddable":true,"href":"https:\/\/evangelische-religion.de\/ReligionNeu\/wp-json\/wp\/v2\/users\/1"}],"replies":[{"embeddable":true,"href":"https:\/\/evangelische-religion.de\/ReligionNeu\/wp-json\/wp\/v2\/comments?post=411"}],"version-history":[{"count":3,"href":"https:\/\/evangelische-religion.de\/ReligionNeu\/wp-json\/wp\/v2\/pages\/411\/revisions"}],"predecessor-version":[{"id":2775,"href":"https:\/\/evangelische-religion.de\/ReligionNeu\/wp-json\/wp\/v2\/pages\/411\/revisions\/2775"}],"up":[{"embeddable":true,"href":"https:\/\/evangelische-religion.de\/ReligionNeu\/wp-json\/wp\/v2\/pages\/89"}],"wp:attachment":[{"href":"https:\/\/evangelische-religion.de\/ReligionNeu\/wp-json\/wp\/v2\/media?parent=411"}],"curies":[{"name":"wp","href":"https:\/\/api.w.org\/{rel}","templated":true}]}}