{"id":393,"date":"2019-07-01T15:48:24","date_gmt":"2019-07-01T13:48:24","guid":{"rendered":"https:\/\/evangelische-religion.de\/ReligionNeu\/?page_id=393"},"modified":"2019-07-10T19:46:58","modified_gmt":"2019-07-10T17:46:58","slug":"kultur","status":"publish","type":"page","link":"https:\/\/evangelische-religion.de\/ReligionNeu\/verhalten-ethik\/kultur\/","title":{"rendered":"Kultur"},"content":{"rendered":"\n<p style=\"text-align:center\" class=\"has-medium-font-size\">Was ist Kultur?<\/p>\n\n\n\n<p style=\"text-align:center\"><strong>Kein Ausflug ins Technik-Museum<\/strong><\/p>\n\n\n\n<p>\u201eSo, Tanja und Uwe, Morgen ist Samstag \u2013 wir gehen ins Technikmuseum!\u201c<\/p>\n\n\n\n<p>Wie aus einem Mund br\u00fcllen Tanja und Uwe: \u201eIns Technikmuseum, das ist doch voll langweilig!\u201c<\/p>\n\n\n\n<p>\u201eLangweilig?\u201c, fragt der Vater.<\/p>\n\n\n\n<p>\u201eJa, sooooo langweilig!\u201c, schreien beide.<\/p>\n\n\n\n<p>\u201eWoher wollt ihr das denn wissen? Ihr wart ja noch nie in einem\u201c, sagt die Mutter.<\/p>\n\n\n\n<p>\u201eWir waren noch nicht in einem, weil es da soooooo langweilig und uninteressant ist!\u201c, rufen die Kinder.<\/p>\n\n\n\n<p>\u201eLangweilig und uninteressant?\u201c, fragt der Vater. \u201eEuer Leben besteht doch fast nur aus Technik, und da muss man schon mal wissen, was das eigentlich ist.\u201c<\/p>\n\n\n\n<p>\u201eIch spiele mit meiner Freundin und brauche keine Technik\u201c, ruft Tanja,<\/p>\n\n\n\n<p>\u201eUnd ich spiele mit meinem DS und brauche auch keine Technik!\u201c, ruft Uwe.<\/p>\n\n\n\n<p>\u201eTanja, du brauchst jeden Tag Technik, wenn du das Licht anmachst, wenn du den K\u00fchlschrank f\u00fcr dein Eis brauchst\u2026\u201c<\/p>\n\n\n\n<p>\u201eTechnik ist doof\u201c, ruft Anja.<\/p>\n\n\n\n<p>\u201eUnd du, Uwe, glaubst du wirklich, dein DS hat mit Technik nichts zu tun?\u201c<\/p>\n\n\n\n<p>\u201eIst mir doch egal \u2013 ich will keine Technik kennen lernen!\u201c<\/p>\n\n\n\n<p>Vater und Mutter versuchen noch ein wenig von der N\u00fctzlichkeit der Technik zu reden, wollen noch die Sch\u00f6nheit der Technik nahe bringen, wollen noch zeigen, dass das Leben nicht ohne Technik auskommt \u2013 aber die beiden Kinder rufen nur: Ist doch langweilig \u2013 ich brauch so was nicht \u2013 das ist nur dazu da, um Kinder zu \u00e4rgern \u2013 soll uns Kindern nur die Zeit rauben.<\/p>\n\n\n\n<p style=\"color:#a30003\" class=\"has-text-color has-background has-background-color-background-color\">Was sagst du zu diesen Kindern? W\u00fcrdest Du das &#8222;Technikmuseum&#8220; ersetzen durch: Kunstmuseum?<\/p>\n\n\n\n<p>*<\/p>\n\n\n\n<p>Ich esse keine Orangen! Die schmecken scheu\u00dflich, die sehen bl\u00f6d aus\u2026 <em>Hast du schon einmal eine gesehen, einmal eine gegessen?<\/em> Nein! <em>Woher willst du das alles denn wissen?<\/em> Ich denke es mir halt so.<\/p>\n\n\n\n<p style=\"color:#a30003\" class=\"has-text-color has-background has-background-color-background-color\">Was sagst du zu diesem Kind?<\/p>\n\n\n\n<p>Und die Moral von der Geschicht:<\/p>\n\n\n\n<ul class=\"wp-block-list\"><li>Wer nicht wei\u00df, was XYZ ist, der sollte nicht dar\u00fcber schimpfen.<\/li><li>Wer die Bedeutung von XYZ f\u00fcr unsere Kultur nicht kennt \u2013 weil er auch gar nicht wei\u00df, was \u201eKultur\u201c eigentlich ist \u2013 zeigt nur lautstark, dass er ein Dummkopf ist, wenn er sich nicht die M\u00fche machen will, das alles kennenzulernen.<\/li><li>Wer sich nicht die M\u00fche macht, etwas, das er nicht kennt, kennenzulernen, der sollte es auch nicht beurteilen.<\/li><li>Langweilig sind zun\u00e4chst viele Dinge, die man nicht kennt \u2013 und je mehr man sie kennenlernt, desto spannender und interessanter werden sie.<\/li><\/ul>\n\n\n\n<p>***<\/p>\n\n\n\n<p style=\"text-align:center\"><strong>Was ist Kultur?<\/strong><\/p>\n\n\n\n<p>Das Tier frisst \u2026 &#8211; der Mensch isst\u2026; das Tier s\u00e4uft\u2026\u00a0\u00a0&#8211; der Mensch trinkt\u2026; worin liegt der Unterschied? Diesen Unterschied nennt man\u00a0<strong>Esskultur.<\/strong><\/p>\n\n\n\n<p>Das Tier hat Fell, Federn, Schuppen \u2013 was hat der Mensch\u2026? Er braucht Kleidung \u2013 und hat nicht nur Kleidung, sondern macht sich auch schick, pflegt seine Haare und Z\u00e4hne, schminkt sich ein wenig. <strong>Mode<\/strong> ist Kultur.<\/p>\n\n\n\n<p>Das Tier w\u00e4scht sich, wenn es kann. Der Mensch auch. Doch der Mensch kennt auch <strong>Badekultur<\/strong>: Er macht es sich sch\u00f6n, macht es sich gem\u00fctlich, entwickelt Duschen\u2026 \u2013 er will nicht nur sauber sein, sondern auch gut duften. Zum anderen wei\u00df der Mensch inzwischen, dass all das nicht nur gut tut und sch\u00f6n macht, sondern auch zur Gesundheit beitr\u00e4gt.<\/p>\n\n\n\n<p>Das Tier hat Nester, H\u00f6hlen\u2026; der Mensch hat ein\u2026 Das nennt man <strong>Wohnkultur<\/strong>: Das Haus schm\u00fcckt er sich aus, macht es sich bequem und gem\u00fctlich \u2026<\/p>\n\n\n\n<p>Tiere bewegen sich. Auch der Mensch bewegt sich. Doch er kann Bewegungen weiterf\u00fchren: bestimmte Bewegungen bedeuten etwas\u2026 \u2013 und weitergef\u00fchrt wird die Freude an der Bewegung zum Tanz, Ballett\u2026 \u2013 nennen wir es <strong>Bewegungskultur<\/strong>.<\/p>\n\n\n\n<p>Manche Tiere k\u00f6nnen sich verst\u00e4ndigen\u2026 Der Mensch auch. Doch wenn er sein Sprechen pflegt: gute Worte verwendet, Acht gibt auf seine Aussprache, auf seine S\u00e4tze, dann wird es zur <strong>Sprechkultur<\/strong>. Unter Diskussionskultur verstehen wir: Wenn einer redet \u2013 dann h\u00f6ren andere zu. Einer darf nicht zu lange reden \u2013 das ist unh\u00f6flich. Einer darf nicht zu laut reden und herum br\u00fcllen\u2026 Auch sonst lernen wir miteinander richtig umzugehen: einander nicht verachten (treten, anspucken, anschreien), wir lernen Abstand zu halten, damit der andere Raum zum Leben hat\u2026<\/p>\n\n\n\n<p>Der Mensch verwendet Worte, um sie zu Melodien umzuformen. Die Kunst der Musik wird entwickelt\u2026\u00a0Instrumente, Melodien\u2026 Kultur wird zur <strong>Kunst<\/strong> weitergef\u00fchrt \u2013 oder: Kunst ist die Spitze der Kultur.<\/p>\n\n\n\n<p>Wir sprechen von <strong>Schreibkultur<\/strong>: Menschen k\u00f6nnen schreiben \u2013 aber sch\u00f6n schreiben ist eine Kunst, die man lernen muss. <strong>Lesekultur<\/strong> hei\u00dft: Menschen k\u00f6nnen lesen \u2013 aber dieses K\u00f6nnen wird verfeinert, man wei\u00df, was man gelesen hat, man stimmt dem zu oder lehnt das ab, man lernt daraus \u2013 und das bedeutet: Der Mensch unterscheidet sich von vielen Tieren auch darin, dass er nicht immer alle Erfahrungen selber machen muss, sondern auf das, was andere erfahren haben, aufbauen kann \u2013 nur so kommt er weiter als die Tiere.<\/p>\n\n\n\n<p>Wie Tiere in den Tag leben, so leben auch Menschen in den Tag. Doch der Mensch schaut sich alles an, er beginnt zu \u00fcberlegen: Woher kommt das alles, das Sch\u00f6ne \u2013 aber auch das B\u00f6se? Wie muss ich mich verhalten, dass es mir und den anderen Menschen gut geht, dass wir nicht miteinander streiten, dass wir Hunger und \u00c4ngste \u00fcberwinden\u2026 Es entwickeln sich <strong>Religion<\/strong> und sp\u00e4ter <strong>Philosophie<\/strong>. Der Mensch beobachtet alles und denkt dann \u00fcber Gott nach, der alles geschaffen hat, der auch dazu beitr\u00e4gt, dass all das Wundersch\u00f6ne nicht wieder zerst\u00f6rt wird. Es entsteht Religionskultur mit ihren Geschichten, Riten, Gebeten, Geboten\/Verboten, Liedern\u2026 \u2013 und damit verbunden entwickelt sich Philosophie. Der Philosoph ist der \u201eFreund der Weisheit\u201c: Menschen denken \u00fcber die Welt nach, versuchen sie mit Worten zu ergr\u00fcnden, Dichtungen entstehen\u2026<\/p>\n\n\n\n<p>Nicht nur mit Worten versucht der Mensch das alles wiederzugeben: Er malt oder ist als Bildhauer t\u00e4tig. Und so k\u00f6nnen weitere menschliche Verhaltensweisen so weitergef\u00fchrt werden, dass es zur Kultur wird: zu <strong>Sport, Technik<\/strong>\u2026<\/p>\n\n\n\n<p>Nun gibt es Menschen, die von Kultur nicht viel halten, die sich lieber den Tieren anpassen \u2013 und das, was Menschen als Besonderheit entwickelt haben, missachten. Manche m\u00f6gen das als ganz toll und spannend ansehen und \u00fcber Kultur lachen oder spotten. Aber im Allgemeinen haben Menschen, die ihre Kultur verachten, keine guten Karten.<\/p>\n","protected":false},"excerpt":{"rendered":"<p>Was ist Kultur? Kein Ausflug ins Technik-Museum \u201eSo, Tanja und Uwe, Morgen ist Samstag \u2013 wir gehen ins Technikmuseum!\u201c Wie aus einem Mund br\u00fcllen Tanja und Uwe: \u201eIns Technikmuseum, das ist doch voll langweilig!\u201c \u201eLangweilig?\u201c, fragt der Vater. \u201eJa, sooooo langweilig!\u201c, schreien beide. \u201eWoher wollt ihr das denn wissen? Ihr [&hellip;]<\/p>\n","protected":false},"author":1,"featured_media":0,"parent":89,"menu_order":0,"comment_status":"closed","ping_status":"closed","template":"","meta":{"footnotes":""},"class_list":["post-393","page","type-page","status-publish","hentry"],"_links":{"self":[{"href":"https:\/\/evangelische-religion.de\/ReligionNeu\/wp-json\/wp\/v2\/pages\/393","targetHints":{"allow":["GET"]}}],"collection":[{"href":"https:\/\/evangelische-religion.de\/ReligionNeu\/wp-json\/wp\/v2\/pages"}],"about":[{"href":"https:\/\/evangelische-religion.de\/ReligionNeu\/wp-json\/wp\/v2\/types\/page"}],"author":[{"embeddable":true,"href":"https:\/\/evangelische-religion.de\/ReligionNeu\/wp-json\/wp\/v2\/users\/1"}],"replies":[{"embeddable":true,"href":"https:\/\/evangelische-religion.de\/ReligionNeu\/wp-json\/wp\/v2\/comments?post=393"}],"version-history":[{"count":2,"href":"https:\/\/evangelische-religion.de\/ReligionNeu\/wp-json\/wp\/v2\/pages\/393\/revisions"}],"predecessor-version":[{"id":1136,"href":"https:\/\/evangelische-religion.de\/ReligionNeu\/wp-json\/wp\/v2\/pages\/393\/revisions\/1136"}],"up":[{"embeddable":true,"href":"https:\/\/evangelische-religion.de\/ReligionNeu\/wp-json\/wp\/v2\/pages\/89"}],"wp:attachment":[{"href":"https:\/\/evangelische-religion.de\/ReligionNeu\/wp-json\/wp\/v2\/media?parent=393"}],"curies":[{"name":"wp","href":"https:\/\/api.w.org\/{rel}","templated":true}]}}