{"id":283,"date":"2019-06-30T10:21:13","date_gmt":"2019-06-30T08:21:13","guid":{"rendered":"https:\/\/evangelische-religion.de\/ReligionNeu\/?page_id=283"},"modified":"2020-01-08T19:44:43","modified_gmt":"2020-01-08T18:44:43","slug":"evolution","status":"publish","type":"page","link":"https:\/\/evangelische-religion.de\/ReligionNeu\/mensch\/evolution\/","title":{"rendered":"Evolution"},"content":{"rendered":"\n<p class=\"has-text-align-center has-medium-font-size\">SCH\u00d6PFUNG: EVOLUTION<\/p>\n\n\n\n<p style=\"color:#a30003\" class=\"has-text-color\">Aufgabe:<\/p>\n\n\n\n<ol class=\"wp-block-list\"><li>Gib den folgenden Abschnitten passende \u00dcberschriften.<\/li><li>Sammle Argumente f\u00fcr und gegen sie.<\/li><li>Nimm aus unterschiedlichen Perspektiven Stellung (Christentum-Islam-Buddhismus-atheistisch orientierter Wissenschaft). Um aus unterschiedlichen Perspektiven Stellung nehmen zu k\u00f6nnen, s.&nbsp;<a href=\"https:\/\/evangelische-religion.de\/ReligionNeu\/religion-en\/\">https:\/\/evangelische-religion.de\/ReligionNeu\/religion-en\/<\/a> &nbsp;und <a href=\"https:\/\/evangelische-religion.de\/ReligionNeu\/gott\/atheismus-religionskritik\/\">https:\/\/evangelische-religion.de\/ReligionNeu\/gott\/atheismus-religionskritik\/<\/a>&nbsp;. Und freilich weitere Infos.<\/li><li>Nimm F\u00e4cher \u00fcbergreifend Stellung \u2013 mit Hilfe des jeweiligen Lehrers\/der Lehrerin: Erdkunde, Biologie\u2026<\/li><\/ol>\n\n\n\n<p class=\"has-text-align-center\"><strong>Anmerkungen zum Darwinismus<\/strong><\/p>\n\n\n\n<p>&nbsp;1.<\/p>\n\n\n\n<p>\u201cDie biologische Rolle des Hasen ist es, aufgefressen zu werden\u201d (Andreas Kinser, deutsche Wildtierstiftung).&nbsp;<a href=\"http:\/\/www.welt.de\/wissenschaft\/tierwelt\/article6935621\/2010-ist-ein-gutes-Jahr-fuer-den-Hasen.html\">http:\/\/www.welt.de\/wissenschaft\/tierwelt\/article6935621\/2010-ist-ein-gutes-Jahr-fuer-den-Hasen.html<\/a>&nbsp;\u2013 Das ist die Rolle eines jeden Tieres: fressen, gefressen werden, zeugen\/geb\u00e4ren, d\u00fcngen. Und obgleich diese Rolle so beschr\u00e4nkt ist: welch eine Vielfalt, welche Farben- und Formenf\u00fclle, F\u00fclle an Sinne und F\u00e4higkeiten \u2013 hat das &#8222;Futter&#8220; im Lauf der Zeit erlangt. \u2014 Gibt es auch eine andere M\u00f6glichkeit, ein Tier zu sehen, als ein sich selbst reproduzierendes Futter? Schau, da ist ein Huhn \u2013 hm, lecker! So denken sicher sehr viele. Aber Menschen, die die Sch\u00f6pfung, das Gesch\u00f6pf lieben, k\u00f6nnen mehr in dem Tier sehen als sich selbst reproduzierendes Futter: Die Handschrift des Sch\u00f6pfers, die Sch\u00f6nheit, die auch die Seele des Betrachters ergreifen kann. Ebenso Blumen: bl\u00fchende Vielfalt \u2013 nur D\u00fcnger und Nahrungsmittel? Wer die Sch\u00f6pfung liebt, sieht in ihnen mehr.<\/p>\n\n\n\n<p>2.<\/p>\n\n\n\n<p>Da hatte einer eine witzige Idee: Darwins Werk mit einem Vorwort zu versehen, das den Ansatz des Intelligent Design vorstellt. Dieses Buch verteilte er unter Studenten. Damit greift er die neue Evolutions-Religion an \u2013 und die reagiert bissig: Diese 50 Seiten sollen aus dem Heiligen Darwin-Buch herausgerissen werden!&nbsp;<a href=\"http:\/\/www.factum-magazin.ch\/wFactum_de\/aktuell\/2009_11_20_Darwin_Vorwort.php\">http:\/\/www.factum-magazin.ch\/wFactum_de\/aktuell\/2009_11_20_Darwin_Vorwort.php<\/a>&nbsp;(Intelligent Design = Irgend etwas Intelligentes steht hinter der Entstehung der Arten und nicht die Darwinsche nat\u00fcrliche Selektion \u2013 Intelligent Design muss nicht unbedingt von Christen vertreten werden, es gibt auch andere Anh\u00e4nger dieser Theorie, zum Beispiel Philosophen, die kein j\u00fcdisch-christliches Gottesverst\u00e4ndnis haben).<\/p>\n\n\n\n<p>&nbsp;3.<\/p>\n\n\n\n<p>Die Evolutionstheorie wird es schwer haben, sich wirklich durchzusetzen, weil der normale menschliche Verstand nicht darauf programmiert ist, etwas wirklich als Zufall anzusehen, nicht darauf programmiert ist, Kommendes als nicht zielgerichtet anzusehen. Seit Jahrmillionen sehen Menschen: Alles kommt von irgendwas \u2013 seit Jahrtausenden denken Menschen: Alles geht auf ein sinnvolles Ziel zu. Und seit ca. 200 Jahren sagen einige: Alles falsch! Alles ist Zufall und alles ist ohne Ziel. Und selbst diese paar Zeitgenossen kommen nicht ohne religi\u00f6se Sprache aus. Und darum k\u00f6nnen diejenigen ganz gelassen sein, die Gottes Kraft erlebt, erfahren haben und aus ihr leben. Freilich erkl\u00e4rt das auch die Aggressivit\u00e4t, in der manche Evolution-Vertreter keine andere Meinung neben sich dulden. Die Christenheit hat diese Phase der Unduldsamkeit und Aggressivit\u00e4t gegen\u00fcber Andersdenkenden hoffentlich hinter sich gelassen.<\/p>\n\n\n\n<p>4.<\/p>\n\n\n\n<p>Es war einmal ein \u201emissing link\u201c, das Wissenschaftler dazu brachte, mehr wie Popmusiker zu denken als wie Wissenschaftler (Hurum): Ida, das 47 Millionen Jahre alte \u00c4ffchen aus der Grube Messel&nbsp;<a href=\"http:\/\/de.wikipedia.org\/wiki\/Darwinius\">http:\/\/de.wikipedia.org\/wiki\/Darwinius<\/a>&nbsp;\u2013 und dann h\u00fcpfte das \u00c4ffchen munter aus dem Missing-Link-Dasein heraus\u2026 Dann kam Ardi, die Menschendame von 4,4 Millionen Jahren, die Wissenschaftler in vielen Jahren zusammengepusselt haben:&nbsp;<a href=\"http:\/\/archaeology.about.com\/od\/hominidancestors\/ss\/ardipithecus_9.htm\">http:\/\/archaeology.about.com\/od\/hominidancestors\/ss\/ardipithecus_9.htm<\/a>. Zum Verlieben sch\u00f6n \u2013 oder ist die ca. 30.000-40.000 Jahre alte Venus von der Schw\u00e4bischen Alb nicht doch sch\u00f6ner?&nbsp;<a href=\"http:\/\/www.spiegel.de\/wissenschaft\/mensch\/0,1518,624618,00.html\">http:\/\/www.spiegel.de\/wissenschaft\/mensch\/0,1518,624618,00.html<\/a>&nbsp;Aber geht es um Sch\u00f6nheit? Nein, um die inneren Werte. Doch welche inneren Werte hatten Ida, Ardi und die Venus? R\u00e4tsel, gr\u00fcbel, r\u00e4tsel\u2026 Und noch ein R\u00e4tsel: Lucy und ihre Tochter\u2026:&nbsp;<a href=\"http:\/\/www.focus.de\/wissen\/wissenschaft\/archaeologie\/evolution_aid_115959.html\">http:\/\/www.focus.de\/wissen\/wissenschaft\/archaeologie\/evolution_aid_115959.html<\/a><\/p>\n\n\n\n<p>Der Spiegel triumphiert: \u201cUnsere Vorfahren waren viel weniger affenartig als bisher vermutet\u201d&nbsp;<a href=\"http:\/\/www.spiegel.de\/wissenschaft\/natur\/0,1518,652653,00.html\">http:\/\/www.spiegel.de\/wissenschaft\/natur\/0,1518,652653,00.html<\/a>&nbsp;\u2013 da sieht man das geheime Sehnen des Menschen seit Darwin \u2013 blo\u00df nicht \u00e4ffisch sein \u2013 aber Erich K\u00e4stner war da weiter. Und wenn Ardi weniger affisch war als die Affen, dann m\u00fcssen wir gegenw\u00e4rtig eine R\u00fcckentwicklung konstatieren:&nbsp;<a href=\"http:\/\/www.rezitator.de\/gdt\/1024\/\">http:\/\/www.rezitator.de\/gdt\/1024\/<\/a><\/p>\n\n\n\n<p>&nbsp;5.<\/p>\n\n\n\n<p>Evolution kennt keine Toleranz \u2013 darf man sie dann von deren Vertretern fordern? Evolution kennt Vieles nicht: Woher kommen wir Menschen? B\u00f6sartige sagen kurz: Unfall der Natur, Neutrale sagen: Aus irgendwelchen chemischen Zusammensetzungen. Was sind wir Menschen? Typen, die allein und ziellos durchs Leben laufen: mal sozialer, mal nicht. Wohin gehen wir Menschen? Ins Nichts \u2013 nicht das sch\u00f6ne Nichts des Nirwana, der Mensch wird einfach zersetzt \u2013 und ab in den n\u00e4chsten Wurm, Baum oder sonstwas. Kurz: Evolutionstheorie kann letztendlich jeden Menschen depressiv machen. Da meint es Gott doch gut mit uns Menschen, wenn er sagt: &gt;Ich habe dich geschaffen!&lt; Wenn er sagt: &gt;Ich begleite dich!&lt; Wenn er sagt: &gt;Komm zu mir, Menschenkind!&lt; Der Gott, den Jesus Christus Vater nennt, ist Liebe. F\u00fcr einen, der diesen liebenden Gott kennengelernt hat, ist die reine Evolutions-Lehre doch recht defizit\u00e4r, vor allem dann, wenn sie meint, Religion ersetzen zu wollen.<\/p>\n\n\n\n<p>Bieten Religionen nur Wunschtr\u00e4ume, um solchen Depressionen entgehen zu k\u00f6nnen?<\/p>\n\n\n\n<p>&nbsp;6.<\/p>\n\n\n\n<p>Atheisten und ihre Fans reagieren immer gereizter, weil Kreationisten bzw. Anh\u00e4nger des Intelligent Design bzw. verschiedene Variationen immer professioneller argumentieren. Als atheistische Wissenschaftler noch in ihren Zirkeln diskutierten, nahm man das begeistert&nbsp; wahr \u2013 alles andere galt als veraltet und naiv. Aber es gibt inzwischen professionell aufgemachte B\u00fccher, Zeitschriften, Internetseiten \u2013 von nicht atheistischen Wissenschaftlern selbst. (Zum Beispiel:&nbsp;<a href=\"http:\/\/www.wort-und-wissen.de\/\">http:\/\/www.wort-und-wissen.de\/<\/a>&nbsp;oder:&nbsp;<a href=\"http:\/\/creation.com\/\">http:\/\/creation.com\/<\/a>&nbsp;) Und damit sind atheistische Denkweisen nicht mehr alleine auf dem \u00f6ffentlichen Markt, sondern sie m\u00fcssen lernen, sich argumentativ auseinanderzusetzen \u2013 auch mit ihren L\u00fccken. Bisher f\u00fcllte man popul\u00e4r die L\u00fccken mit irgendwelchen Theorien und verkaufte sie als Wahrheit letzter Schluss. Das geht nun nicht mehr, seit eben Kreationisten und andere den Finger auf die wunden Punkte legen und sich nicht mehr ein X f\u00fcr ein U vormachen lassen. Und da geraten die atheistisch gepr\u00e4gten Wissenschaftler selbst ins Schwimmen \u2013 und werden aggressiv. Je aggressiver sie werden und unsachlicher, so indem sie Kreationismus als das gr\u00f6\u00dfte und gef\u00e4hrlichste \u00dcbel f\u00fcr die Gesellschaft darstellen, machen sie sich im Grunde nur l\u00e4cherlich \u2013 weil eben jeder denkt: Der Evolutions-Kaiser ist ja nackt! Um das Gegenteil zu beweisen, muss man nicht schimpfen, sondern argumentieren! Kurz: wissenschaftlich arbeiten. (<a href=\"http:\/\/www.spektrum.de\/\">http:\/\/www.spektrum.de\/<\/a>&nbsp;und&nbsp;<a href=\"http:\/\/www.wissenschaft.de\/wissenschaft\/home.html\">http:\/\/www.wissenschaft.de\/wissenschaft\/home.html<\/a>&nbsp;)<\/p>\n\n\n\n<p>Im Grunde ben\u00f6tigt der normale Wissenschaftler (mit Ausnahmen weniger Fachbereiche) f\u00fcr die Aus\u00fcbung seiner Wissenschaft weder den Kreationismus, noch Intelligent Design noch Evolutionstheorie. Das sind ideologisch-philosophische Grabenk\u00e4mpfe \u2013 wichtig freilich f\u00fcr das Weltbild. Und darum spreche ich von meinem Weltbild ausgehend lieber vom Sch\u00f6pfer als vom Zufall. F\u00fcr die reale agierende Wissenschaft selbst d\u00fcrfte das \u00fcberwiegend keine Auswirkungen haben \u2013 nur f\u00fcr den Wissenschaftler als Mensch.<\/p>\n\n\n\n<p>7.<\/p>\n\n\n\n<p>Hat diese Frage mit der Evolution zu tun? Die Frage nach der Sch\u00f6nheit des Menschen. Was f\u00fcr das Gesicht gilt, gilt auch f\u00fcr den gesamten K\u00f6rper: Warum sind die Haarfarben so unterschiedlich \u2013 \u00fcberhaupt der Haarschmuck oder der nicht mehr vorhandene Haarschmuck? Warum diese vielen Farben der Iris, verbunden mit den Farben der Augenbrauen, der Wimpern und Pupillen? Die vielen Formen der Nase und der Ohren, die faszinierende Vielfalt der Rott\u00f6ne der Lippen \u2013 auch verbunden mit den wei\u00dfen Z\u00e4hnen? \u00dcbrigens: das Lachen, das Strahlen, die Offenheit, die Liebe des Gesichtes nicht vergessen! Nun m\u00f6gen mich manche f\u00fcr naiv halten und sehr Schlaue das evolutionsm\u00e4\u00dfig erkl\u00e4ren k\u00f6nnen. (Aber bitte immer bis zu Ende denken und nicht auf halbem Wege stehen bleiben \u2013 die Forderung ist gemein, ich wei\u00df. Die Sch\u00f6nheit bitte auch nicht nur mit der Fortpflanzung begr\u00fcnden \u2013 das ist zu kurz gedacht. Denn Fortpflanzung funktioniert auch ohne Sch\u00f6nheit \u2013 wie man an anderen Gesch\u00f6pfen sehen kann. Andererseits: Sicher ist Sexualit\u00e4t nicht von der Sch\u00f6nheit ausgenommen \u2013 im Gegenteil.)<\/p>\n\n\n\n<p>Mit einem Augenzwinkern: F\u00fcr mich ist die folgende Frage spannender als die nach der Evolution: Wenn Gott den K\u00f6rper des Menschen geschaffen hat \u2013 in all seiner k\u00f6rperlichen Sch\u00f6nheit \u2013 welchen Eindruck hinterl\u00e4sst das von Gott? Er muss einen Grund haben, den Menschen so sch\u00f6n zu schaffen. Das gro\u00dfe Staunen bestimmt die Sch\u00f6pfungsgeschichte \u2013 nicht nur \u00fcber all das, was es gibt, sondern auch \u00fcber den Menschen. Nat\u00fcrlich \u2013 auch hier muss ich mich absichern, damit mir keiner zu schnell Naivit\u00e4t, Dummheit und Kurzsichtigkeit vorwirft: Der Mensch kann sich auch h\u00e4sslich machen: Wie h\u00e4sslich sind hassverzerrte Gesichter, wie h\u00e4sslich ist der arrogante Mensch. Kann ein Mensch auch von Geburt an h\u00e4sslich sein? Ich denke, das ist keine Frage des Seins, sondern eine der Kultur, des anerzogenen Geschmacks. Manche finden zum Beispiel auch Falten im Gesicht h\u00e4sslich oder K\u00f6rper, die das Leben erm\u00fcdete \u2013 ich finde sie sch\u00f6n, ich finde h\u00f6chstens Gesichter und K\u00f6rper gew\u00f6hnungsbed\u00fcrftig, denen man Manipulationen anmerkt. \u00dcbrigens kenne ich auch Untersuchungen, die zu beantworten suchen, welches Gesicht dem Idealgesicht bzw. dem Idealk\u00f6rper entspricht. Diese halte ich f\u00fcr anregend aber auch f\u00fcr \u00fcberfl\u00fcssig: Denn die Wahl des Partners hat nicht unbedingt etwas mit einem fiktiven Idealgesicht oder der Idealstatur zu tun. Es ist \u2013 auch wenn mancher l\u00e4cheln mag \u2013 die Sch\u00f6nheit ma\u00dfgebend, die der einzelne Mensch als \u201cInnere\u201d Sch\u00f6nheit, als Charakter, als Klugheit, als Gewandtheit usw. des anderen wahrnimmt\u2026 \u00dcbrigens: Body-Shaming &#8211; was f\u00fcr ein Quatsch. Das zeigt nur, in was f\u00fcr einem Sklavenverh\u00e4ltnis man zu seinen Mitmenschen steckt.<\/p>\n\n\n\n<p>8.<\/p>\n\n\n\n<p>In Aussagen \u00fcber Evolution verwenden auch diejenigen, die nicht an den Sch\u00f6pfer glauben, Begriffe, welche die Natur \/ die Evolution als Sch\u00f6pferin bezeichnen, die alles sinnvoll eingerichtet habe und \u00e4hnlich. So auch in dem PC-Spiel \u201cSpore\u201d: Es geht um Evolution \u2013 aber der Mensch darf sie in eine Richtung f\u00fchren. Er bestimmt also den Lauf der Evolution \u2013 was ja eigentlich gar nicht mehr \u201cEvolution\u201d genannt werden kann. Auch die Evolutionstheorie kommt ohne religi\u00f6se Sprache nicht aus \u2013 weil der Mensch nicht von einer Theorie lebt, sondern \u00fcber all das, was um ihn herum ist, staunt.<\/p>\n\n\n\n<p>&nbsp;9.<\/p>\n\n\n\n<p>In&nbsp;<a href=\"http:\/\/www.factum-magazin.ch\/wFactum_de\/\">www.factum-magazin.ch\/wFactum_de\/<\/a>&nbsp;gelesen:<\/p>\n\n\n\n<p>Die Debatte um Evolution und Kreationismus (Sch\u00f6pfungslehre) ist in Grossbritannien neu entbrannt. Der Bildungsdirektor an der Akademie der Wissenschaften (Royal Society), Michael Reiss (London), hat sein Amt am 16. September niedergelegt. Reiss war zuvor von Naturwissenschaftlern wegen \u00c4usserungen zum Kreationismus heftig angegriffen worden. In einem Vortrag in Liverpool hatte er Anfang September daf\u00fcr pl\u00e4diert, an Schulen nicht nur Evolution zu lehren, sondern auch die Sch\u00f6pfungslehre zu diskutieren. Lehrer sollten kreationistische Vorstellungen nicht als \u201efalsche Auffassungen\u201c ansehen, sondern als eine Weltanschauung behandeln. Reiss ist anglikanischer Theologe und Biologe und hat 20 Jahre lang als Lehrer gearbeitet. Seine schulische Erfahrung lehre ihn, dass das Beharren auf der Evolutionstheorie manche Sch\u00fcler nicht \u00fcberzeuge. Deshalb spreche viel daf\u00fcr, zuzulassen, dass Sch\u00fcler ihre Zweifel \u00e4u\u00dfern. Das sei \u201ekeine revolution\u00e4re Idee\u201c im naturwissenschaftlichen Unterricht. Seine Ausf\u00fchrungen entfachten einen Sturm der Entr\u00fcstung unter Naturwissenschaftlern. Der Mediziner und Nobelpreistr\u00e4ger Richard Roberts nannte die Ansichten von Reiss \u201esch\u00e4ndlich\u201c und forderte seine Entlassung. Wie die Londoner Zeitung \u201cTimes\u201d weiter berichtet, stellte sich die Akademie der Wissenschaften zun\u00e4chst hinter Reiss, liess ihn dann aber fallen, weil er unbeabsichtigt dem Ruf der Einrichtung geschadet habe. Man habe sich mit Reiss geeinigt, dass er seine Teilzeitstelle aufgebe. R\u00fcckendeckung erhielt Reiss vom Londoner Professor f\u00fcr Naturwissenschaft und Gesellschaft, Lord Winston, der der Akademie nicht angeh\u00f6rt. Nach seiner Ansicht hat sich die Royal Society keinen guten Dienst getan. Reiss habe argumentiert, \u201edass wir uns mit falschen Vorstellungen von der Naturwissenschaft auseinandersetzen sollten \u2013 das sollte die Royal Society begr\u00fcssen\u201c, erkl\u00e4rte Lord Winston.<\/p>\n\n\n\n<p>Soweit zur \u201cToleranz\u201d von Evolutionisten. Besonders hervorzuheben finde ich den Satz: Zweifel zu \u00e4u\u00dfern sei keine besonders revolution\u00e4re Idee. Nun denn: Vielleicht war es das einmal nicht \u2013 doch nun muss alles im Gleichschritt marschieren. Oh, oh, Wissenschaft, wo marschierst du nur hin, wenn diejenigen, die Zweifel zulassen wollen, das Amt verlieren?<\/p>\n\n\n\n<p>10.<\/p>\n\n\n\n<p style=\"color:#00a315\" class=\"has-text-color has-text-align-center\"><strong>Nicht, dass jemand etwas in den falschen Hals bekommt. Mein Ansatz: Multiperspektivit\u00e4t<\/strong> <strong>und Toleranz<\/strong>.<\/p>\n\n\n\n<p>11. Tipp zum Nachdenken:  <a href=\"https:\/\/www.youtube.com\/watch?v=JXH0WVm4o64&amp;t=1766s\">https:\/\/www.youtube.com\/watch?v=JXH0WVm4o64&amp;t=1766s<\/a> <\/p>\n","protected":false},"excerpt":{"rendered":"<p>SCH\u00d6PFUNG: EVOLUTION Aufgabe: Gib den folgenden Abschnitten passende \u00dcberschriften. Sammle Argumente f\u00fcr und gegen sie. Nimm aus unterschiedlichen Perspektiven Stellung (Christentum-Islam-Buddhismus-atheistisch orientierter Wissenschaft). Um aus unterschiedlichen Perspektiven Stellung nehmen zu k\u00f6nnen, s.&nbsp;https:\/\/evangelische-religion.de\/ReligionNeu\/religion-en\/ &nbsp;und https:\/\/evangelische-religion.de\/ReligionNeu\/gott\/atheismus-religionskritik\/&nbsp;. Und freilich weitere Infos. Nimm F\u00e4cher \u00fcbergreifend Stellung \u2013 mit Hilfe des jeweiligen Lehrers\/der Lehrerin: Erdkunde, [&hellip;]<\/p>\n","protected":false},"author":1,"featured_media":0,"parent":41,"menu_order":0,"comment_status":"closed","ping_status":"closed","template":"","meta":{"footnotes":""},"class_list":["post-283","page","type-page","status-publish","hentry"],"_links":{"self":[{"href":"https:\/\/evangelische-religion.de\/ReligionNeu\/wp-json\/wp\/v2\/pages\/283","targetHints":{"allow":["GET"]}}],"collection":[{"href":"https:\/\/evangelische-religion.de\/ReligionNeu\/wp-json\/wp\/v2\/pages"}],"about":[{"href":"https:\/\/evangelische-religion.de\/ReligionNeu\/wp-json\/wp\/v2\/types\/page"}],"author":[{"embeddable":true,"href":"https:\/\/evangelische-religion.de\/ReligionNeu\/wp-json\/wp\/v2\/users\/1"}],"replies":[{"embeddable":true,"href":"https:\/\/evangelische-religion.de\/ReligionNeu\/wp-json\/wp\/v2\/comments?post=283"}],"version-history":[{"count":6,"href":"https:\/\/evangelische-religion.de\/ReligionNeu\/wp-json\/wp\/v2\/pages\/283\/revisions"}],"predecessor-version":[{"id":2002,"href":"https:\/\/evangelische-religion.de\/ReligionNeu\/wp-json\/wp\/v2\/pages\/283\/revisions\/2002"}],"up":[{"embeddable":true,"href":"https:\/\/evangelische-religion.de\/ReligionNeu\/wp-json\/wp\/v2\/pages\/41"}],"wp:attachment":[{"href":"https:\/\/evangelische-religion.de\/ReligionNeu\/wp-json\/wp\/v2\/media?parent=283"}],"curies":[{"name":"wp","href":"https:\/\/api.w.org\/{rel}","templated":true}]}}